{"id":3613,"date":"2021-02-23T08:38:38","date_gmt":"2021-02-23T13:38:38","guid":{"rendered":"https:\/\/lfih.org\/?page_id=3613"},"modified":"2025-09-23T11:48:41","modified_gmt":"2025-09-23T15:48:41","slug":"que-es-la-si-espanola","status":"publish","type":"page","link":"https:\/\/lfih.org\/index.php\/que-es-la-si-espanola\/","title":{"rendered":"\u00bfQu\u00e9 es la SI espa\u00f1ola?"},"content":{"rendered":"\t\t<div data-elementor-type=\"wp-page\" data-elementor-id=\"3613\" class=\"elementor elementor-3613\" data-elementor-settings=\"[]\">\n\t\t\t\t\t\t<div class=\"elementor-inner\">\n\t\t\t\t\t\t\t<div class=\"elementor-section-wrap\">\n\t\t\t\t\t\t\t<section class=\"elementor-section elementor-top-section elementor-element elementor-element-59096f0 elementor-section-boxed elementor-section-height-default elementor-section-height-default\" data-id=\"59096f0\" data-element_type=\"section\">\n\t\t\t\t\t\t<div class=\"elementor-container elementor-column-gap-default\">\n\t\t\t\t\t\t\t<div class=\"elementor-row\">\n\t\t\t\t\t<div class=\"elementor-column elementor-col-100 elementor-top-column elementor-element elementor-element-ca4de18\" data-id=\"ca4de18\" data-element_type=\"column\">\n\t\t\t<div class=\"elementor-column-wrap elementor-element-populated\">\n\t\t\t\t\t\t\t<div class=\"elementor-widget-wrap\">\n\t\t\t\t\t\t<div class=\"elementor-element elementor-element-f222ee3 elementor-widget elementor-widget-text-editor\" data-id=\"f222ee3\" data-element_type=\"widget\" data-widget_type=\"text-editor.default\">\n\t\t\t\t<div class=\"elementor-widget-container\">\n\t\t\t\t\t<div class=\"elementor-text-editor elementor-clearfix\"><p class=\"p1\">La Secci\u00f3n Internacional <strong>(SI)<\/strong> es una secci\u00f3n integrada en la trayectoria escolar del sistema educativo franc\u00e9s. La <strong>SI<\/strong> ofrece una ense\u00f1anza reforzada en espa\u00f1ol.<\/p><p class=\"p1\">La SI est\u00e1 aprobada conjuntamente por los Ministerios de Educaci\u00f3n franc\u00e9s y espa\u00f1ol. Certifica :<\/p><ul class=\"ul1\"><li class=\"li1\">un excelente nivel de espa\u00f1ol<\/li><li class=\"li1\">un conocimiento profundo de la cultura hispana e hispano-americana<\/li><li class=\"li1\">una gran capacidad de trabajo<\/li><\/ul><\/div>\n\t\t\t\t<\/div>\n\t\t\t\t<\/div>\n\t\t\t\t\t\t<\/div>\n\t\t\t\t\t<\/div>\n\t\t<\/div>\n\t\t\t\t\t\t\t\t<\/div>\n\t\t\t\t\t<\/div>\n\t\t<\/section>\n\t\t\t\t<section class=\"elementor-section elementor-top-section elementor-element elementor-element-9151d4d elementor-section-boxed elementor-section-height-default elementor-section-height-default\" data-id=\"9151d4d\" data-element_type=\"section\">\n\t\t\t\t\t\t<div class=\"elementor-container elementor-column-gap-default\">\n\t\t\t\t\t\t\t<div class=\"elementor-row\">\n\t\t\t\t\t<div class=\"elementor-column elementor-col-100 elementor-top-column elementor-element elementor-element-2a3d3eb\" data-id=\"2a3d3eb\" data-element_type=\"column\">\n\t\t\t<div class=\"elementor-column-wrap elementor-element-populated\">\n\t\t\t\t\t\t\t<div class=\"elementor-widget-wrap\">\n\t\t\t\t\t\t<div class=\"elementor-element elementor-element-7b32df8 animated-slow elementor-invisible elementor-widget elementor-widget-heading\" data-id=\"7b32df8\" data-element_type=\"widget\" data-settings=\"{&quot;_animation&quot;:&quot;fadeIn&quot;}\" data-widget_type=\"heading.default\">\n\t\t\t\t<div class=\"elementor-widget-container\">\n\t\t\t<h2 class=\"elementor-heading-title elementor-size-default\">\u00bfCu\u00e1les son las lecciones espec\u00edficas de la SI?<\/h2>\t\t<\/div>\n\t\t\t\t<\/div>\n\t\t\t\t\t\t<\/div>\n\t\t\t\t\t<\/div>\n\t\t<\/div>\n\t\t\t\t\t\t\t\t<\/div>\n\t\t\t\t\t<\/div>\n\t\t<\/section>\n\t\t\t\t<section class=\"elementor-section elementor-top-section elementor-element elementor-element-d14cb50 elementor-section-boxed elementor-section-height-default elementor-section-height-default\" data-id=\"d14cb50\" data-element_type=\"section\">\n\t\t\t\t\t\t<div class=\"elementor-container elementor-column-gap-default\">\n\t\t\t\t\t\t\t<div class=\"elementor-row\">\n\t\t\t\t\t<div class=\"elementor-column elementor-col-100 elementor-top-column elementor-element elementor-element-2e789f0\" data-id=\"2e789f0\" data-element_type=\"column\">\n\t\t\t<div class=\"elementor-column-wrap elementor-element-populated\">\n\t\t\t\t\t\t\t<div class=\"elementor-widget-wrap\">\n\t\t\t\t\t\t<div class=\"elementor-element elementor-element-f7d5fc1 elementor-widget elementor-widget-text-editor\" data-id=\"f7d5fc1\" data-element_type=\"widget\" data-widget_type=\"text-editor.default\">\n\t\t\t\t<div class=\"elementor-widget-container\">\n\t\t\t\t\t<div class=\"elementor-text-editor elementor-clearfix\"><table cellspacing=\"0\" cellpadding=\"0\"><tbody><tr><td valign=\"top\">\u00a0<\/td><td valign=\"top\"><p><strong>De CP a CM2<\/strong><\/p><\/td><td valign=\"top\"><p><strong>De la 6e a la 4e<\/strong><\/p><\/td><td valign=\"top\"><p><strong>En 3e<\/strong><\/p><\/td><\/tr><tr><td valign=\"top\"><p><strong>Espa\u00f1ol: lengua viva<\/strong><\/p><\/td><td valign=\"top\"><p>0<\/p><\/td><td valign=\"top\"><p>2 horas<\/p><\/td><td valign=\"top\"><p>2 horas<\/p><\/td><\/tr><tr><td valign=\"top\"><p><strong>Espa\u00f1ol: estudio de la lengua y literatura<\/strong><\/p><\/td><td valign=\"top\"><p>2 horas<\/p><\/td><td valign=\"top\"><p>4 horas<\/p><\/td><td valign=\"top\"><p>4 horas<\/p><\/td><\/tr><tr><td valign=\"top\"><p><strong>Espa\u00f1ol: historia-geograf\u00eda<\/strong><\/p><\/td><td valign=\"top\"><p>1 hora<\/p><\/td><td valign=\"top\"><p>1 hora 30 minutos<\/p><\/td><td valign=\"top\"><p>2 horas<\/p><\/td><\/tr><tr><td valign=\"top\"><p><strong>Total de horas adicionales con respecto al horario actual<\/strong><\/p><\/td><td valign=\"top\"><p>0<\/p><\/td><td valign=\"top\"><p>3 horas<\/p><\/td><td valign=\"top\"><p>3 horas<\/p><\/td><\/tr><\/tbody><\/table><\/div>\n\t\t\t\t<\/div>\n\t\t\t\t<\/div>\n\t\t\t\t\t\t<\/div>\n\t\t\t\t\t<\/div>\n\t\t<\/div>\n\t\t\t\t\t\t\t\t<\/div>\n\t\t\t\t\t<\/div>\n\t\t<\/section>\n\t\t\t\t<section class=\"elementor-section elementor-top-section elementor-element elementor-element-33be05d elementor-section-boxed elementor-section-height-default elementor-section-height-default\" data-id=\"33be05d\" data-element_type=\"section\">\n\t\t\t\t\t\t<div class=\"elementor-container elementor-column-gap-default\">\n\t\t\t\t\t\t\t<div class=\"elementor-row\">\n\t\t\t\t\t<div class=\"elementor-column elementor-col-50 elementor-top-column elementor-element elementor-element-289e07d\" data-id=\"289e07d\" data-element_type=\"column\">\n\t\t\t<div class=\"elementor-column-wrap elementor-element-populated\">\n\t\t\t\t\t\t\t<div class=\"elementor-widget-wrap\">\n\t\t\t\t\t\t<div class=\"elementor-element elementor-element-513fbc9 animated-slow elementor-invisible elementor-widget elementor-widget-heading\" data-id=\"513fbc9\" data-element_type=\"widget\" data-settings=\"{&quot;_animation&quot;:&quot;fadeInLeft&quot;}\" data-widget_type=\"heading.default\">\n\t\t\t\t<div class=\"elementor-widget-container\">\n\t\t\t<h2 class=\"elementor-heading-title elementor-size-default\">\u00bfQu\u00e9 ventajas tiene la SI?<\/h2>\t\t<\/div>\n\t\t\t\t<\/div>\n\t\t\t\t\t\t<\/div>\n\t\t\t\t\t<\/div>\n\t\t<\/div>\n\t\t\t\t<div class=\"elementor-column elementor-col-50 elementor-top-column elementor-element elementor-element-1f3cc6e\" data-id=\"1f3cc6e\" data-element_type=\"column\">\n\t\t\t<div class=\"elementor-column-wrap elementor-element-populated\">\n\t\t\t\t\t\t\t<div class=\"elementor-widget-wrap\">\n\t\t\t\t\t\t<div class=\"elementor-element elementor-element-eae5c56 animated-slow elementor-invisible elementor-widget elementor-widget-heading\" data-id=\"eae5c56\" data-element_type=\"widget\" data-settings=\"{&quot;_animation&quot;:&quot;fadeInRight&quot;}\" data-widget_type=\"heading.default\">\n\t\t\t\t<div class=\"elementor-widget-container\">\n\t\t\t<h2 class=\"elementor-heading-title elementor-size-default\">\u00bfQu\u00e9 se espera de la SI?<\/h2>\t\t<\/div>\n\t\t\t\t<\/div>\n\t\t\t\t\t\t<\/div>\n\t\t\t\t\t<\/div>\n\t\t<\/div>\n\t\t\t\t\t\t\t\t<\/div>\n\t\t\t\t\t<\/div>\n\t\t<\/section>\n\t\t\t\t<section class=\"elementor-section elementor-top-section elementor-element elementor-element-cc3ffd6 elementor-section-boxed elementor-section-height-default elementor-section-height-default\" data-id=\"cc3ffd6\" data-element_type=\"section\">\n\t\t\t\t\t\t<div class=\"elementor-container elementor-column-gap-default\">\n\t\t\t\t\t\t\t<div class=\"elementor-row\">\n\t\t\t\t\t<div class=\"elementor-column elementor-col-50 elementor-top-column elementor-element elementor-element-9c142a0\" data-id=\"9c142a0\" data-element_type=\"column\">\n\t\t\t<div class=\"elementor-column-wrap elementor-element-populated\">\n\t\t\t\t\t\t\t<div class=\"elementor-widget-wrap\">\n\t\t\t\t\t\t<div class=\"elementor-element elementor-element-f61ef34 elementor-widget elementor-widget-text-editor\" data-id=\"f61ef34\" data-element_type=\"widget\" data-widget_type=\"text-editor.default\">\n\t\t\t\t<div class=\"elementor-widget-container\">\n\t\t\t\t\t<div class=\"elementor-text-editor elementor-clearfix\"><ul class=\"ul1\"><li class=\"li1\">Avanzar hacia estudios ambiciosos<\/li><li class=\"li1\">Adquirir el biling\u00fcismo y la bi-culturalidad (nivel C1 del MCER)<\/li><li class=\"li1\">Preparaci\u00f3n de la opci\u00f3n internacional del DNB en <em>Troisi\u00e8me<\/em> (9no grado)<\/li><li class=\"li1\">Continuar hacia la Secci\u00f3n Binacional BACHIBAC en el liceo y preparar 2 diplomas al mismo tiempo: el <em>Baccalaur\u00e9at<\/em>\u00a0 y el Bachillerato.<\/li><\/ul><\/div>\n\t\t\t\t<\/div>\n\t\t\t\t<\/div>\n\t\t\t\t\t\t<\/div>\n\t\t\t\t\t<\/div>\n\t\t<\/div>\n\t\t\t\t<div class=\"elementor-column elementor-col-50 elementor-top-column elementor-element elementor-element-4761335\" data-id=\"4761335\" data-element_type=\"column\">\n\t\t\t<div class=\"elementor-column-wrap elementor-element-populated\">\n\t\t\t\t\t\t\t<div class=\"elementor-widget-wrap\">\n\t\t\t\t\t\t<div class=\"elementor-element elementor-element-f8c546a elementor-widget elementor-widget-text-editor\" data-id=\"f8c546a\" data-element_type=\"widget\" data-widget_type=\"text-editor.default\">\n\t\t\t\t<div class=\"elementor-widget-container\">\n\t\t\t\t\t<div class=\"elementor-text-editor elementor-clearfix\"><ul class=\"ul1\"><li class=\"li1\">Ser voluntario y estar motivado<\/li><li class=\"li1\">Demostrar inter\u00e9s y curiosidad por la lengua y la cultura del mundo hispano e hispanoamericano<\/li><li class=\"li1\">Amar la literatura y la historia-geograf\u00eda<\/li><li class=\"li1\">Trabajar regularmente<\/li><\/ul><\/div>\n\t\t\t\t<\/div>\n\t\t\t\t<\/div>\n\t\t\t\t\t\t<\/div>\n\t\t\t\t\t<\/div>\n\t\t<\/div>\n\t\t\t\t\t\t\t\t<\/div>\n\t\t\t\t\t<\/div>\n\t\t<\/section>\n\t\t\t\t<section class=\"elementor-section elementor-top-section elementor-element elementor-element-1409962 elementor-section-boxed elementor-section-height-default elementor-section-height-default\" data-id=\"1409962\" data-element_type=\"section\">\n\t\t\t\t\t\t<div class=\"elementor-container elementor-column-gap-default\">\n\t\t\t\t\t\t\t<div class=\"elementor-row\">\n\t\t\t\t\t<div class=\"elementor-column elementor-col-100 elementor-top-column elementor-element elementor-element-fe40a15\" data-id=\"fe40a15\" data-element_type=\"column\">\n\t\t\t<div class=\"elementor-column-wrap elementor-element-populated\">\n\t\t\t\t\t\t\t<div class=\"elementor-widget-wrap\">\n\t\t\t\t\t\t<div class=\"elementor-element elementor-element-ccb73d7 elementor-aspect-ratio-169 elementor-widget elementor-widget-video\" data-id=\"ccb73d7\" data-element_type=\"widget\" data-settings=\"{&quot;aspect_ratio&quot;:&quot;169&quot;}\" data-widget_type=\"video.default\">\n\t\t\t\t<div class=\"elementor-widget-container\">\n\t\t\t\t\t<div class=\"elementor-wrapper elementor-fit-aspect-ratio elementor-open-inline\">\n\t\t\t<iframe class=\"elementor-video-iframe\" allowfullscreen title=\"Lecteur vid\u00e9o youtube\" src=\"https:\/\/www.youtube.com\/embed\/5qAMUtUToCA?feature=oembed&amp;start&amp;end&amp;wmode=opaque&amp;loop=0&amp;controls=1&amp;mute=0&amp;rel=0&amp;modestbranding=0\"><\/iframe>\t\t<\/div>\n\t\t\t\t<\/div>\n\t\t\t\t<\/div>\n\t\t\t\t\t\t<\/div>\n\t\t\t\t\t<\/div>\n\t\t<\/div>\n\t\t\t\t\t\t\t\t<\/div>\n\t\t\t\t\t<\/div>\n\t\t<\/section>\n\t\t\t\t\t\t<\/div>\n\t\t\t\t\t\t<\/div>\n\t\t\t\t\t<\/div>\n\t\t","protected":false},"excerpt":{"rendered":"<p>La Secci\u00f3n Internacional (SI) es una secci\u00f3n integrada en la trayectoria escolar del sistema educativo franc\u00e9s. La SI ofrece una&nbsp;<a href=\"https:\/\/lfih.org\/index.php\/que-es-la-si-espanola\/\">&hellip;<\/a><\/p>\n","protected":false},"author":1,"featured_media":0,"parent":0,"menu_order":0,"comment_status":"closed","ping_status":"closed","template":"","meta":[],"_links":{"self":[{"href":"https:\/\/lfih.org\/index.php\/wp-json\/wp\/v2\/pages\/3613"}],"collection":[{"href":"https:\/\/lfih.org\/index.php\/wp-json\/wp\/v2\/pages"}],"about":[{"href":"https:\/\/lfih.org\/index.php\/wp-json\/wp\/v2\/types\/page"}],"author":[{"embeddable":true,"href":"https:\/\/lfih.org\/index.php\/wp-json\/wp\/v2\/users\/1"}],"replies":[{"embeddable":true,"href":"https:\/\/lfih.org\/index.php\/wp-json\/wp\/v2\/comments?post=3613"}],"version-history":[{"count":19,"href":"https:\/\/lfih.org\/index.php\/wp-json\/wp\/v2\/pages\/3613\/revisions"}],"predecessor-version":[{"id":29067,"href":"https:\/\/lfih.org\/index.php\/wp-json\/wp\/v2\/pages\/3613\/revisions\/29067"}],"wp:attachment":[{"href":"https:\/\/lfih.org\/index.php\/wp-json\/wp\/v2\/media?parent=3613"}],"curies":[{"name":"wp","href":"https:\/\/api.w.org\/{rel}","templated":true}]}}