{"id":33302,"date":"2026-03-25T15:22:24","date_gmt":"2026-03-25T19:22:24","guid":{"rendered":"https:\/\/lfih.org\/?page_id=33302"},"modified":"2026-03-26T13:17:52","modified_gmt":"2026-03-26T17:17:52","slug":"dele","status":"publish","type":"page","link":"https:\/\/lfih.org\/index.php\/dele\/","title":{"rendered":"DELE"},"content":{"rendered":"\t\t<div data-elementor-type=\"wp-page\" data-elementor-id=\"33302\" class=\"elementor elementor-33302\" data-elementor-settings=\"[]\">\n\t\t\t\t\t\t<div class=\"elementor-inner\">\n\t\t\t\t\t\t\t<div class=\"elementor-section-wrap\">\n\t\t\t\t\t\t\t<section class=\"elementor-section elementor-top-section elementor-element elementor-element-19140ba animated-slow elementor-section-boxed elementor-section-height-default elementor-section-height-default elementor-invisible\" data-id=\"19140ba\" data-element_type=\"section\" data-settings=\"{&quot;animation&quot;:&quot;zoomIn&quot;}\">\n\t\t\t\t\t\t<div class=\"elementor-container elementor-column-gap-default\">\n\t\t\t\t\t\t\t<div class=\"elementor-row\">\n\t\t\t\t\t<div class=\"elementor-column elementor-col-100 elementor-top-column elementor-element elementor-element-ec0aba6\" data-id=\"ec0aba6\" data-element_type=\"column\">\n\t\t\t<div class=\"elementor-column-wrap elementor-element-populated\">\n\t\t\t\t\t\t\t<div class=\"elementor-widget-wrap\">\n\t\t\t\t\t\t<div class=\"elementor-element elementor-element-968af34 elementor-widget elementor-widget-image\" data-id=\"968af34\" data-element_type=\"widget\" data-widget_type=\"image.default\">\n\t\t\t\t<div class=\"elementor-widget-container\">\n\t\t\t\t\t<div class=\"elementor-image\">\n\t\t\t\t\t\t\t\t\t\t<img width=\"241\" height=\"180\" src=\"https:\/\/lfih.org\/wp-content\/uploads\/2026\/03\/Drapau-espagnol-241x180.jpg\" class=\"attachment-ed-school-featured-image size-ed-school-featured-image\" alt=\"\" loading=\"lazy\" srcset=\"https:\/\/lfih.org\/wp-content\/uploads\/2026\/03\/Drapau-espagnol.jpg 241w, https:\/\/lfih.org\/wp-content\/uploads\/2026\/03\/Drapau-espagnol-100x75.jpg 100w, https:\/\/lfih.org\/wp-content\/uploads\/2026\/03\/Drapau-espagnol-150x112.jpg 150w\" sizes=\"(max-width: 241px) 100vw, 241px\" \/>\t\t\t\t\t\t\t\t\t\t\t<\/div>\n\t\t\t\t<\/div>\n\t\t\t\t<\/div>\n\t\t\t\t\t\t<\/div>\n\t\t\t\t\t<\/div>\n\t\t<\/div>\n\t\t\t\t\t\t\t\t<\/div>\n\t\t\t\t\t<\/div>\n\t\t<\/section>\n\t\t\t\t<section class=\"elementor-section elementor-top-section elementor-element elementor-element-6b04e1a elementor-section-boxed elementor-section-height-default elementor-section-height-default\" data-id=\"6b04e1a\" data-element_type=\"section\">\n\t\t\t\t\t\t<div class=\"elementor-container elementor-column-gap-default\">\n\t\t\t\t\t\t\t<div class=\"elementor-row\">\n\t\t\t\t\t<div class=\"elementor-column elementor-col-100 elementor-top-column elementor-element elementor-element-1f0d211\" data-id=\"1f0d211\" data-element_type=\"column\">\n\t\t\t<div class=\"elementor-column-wrap elementor-element-populated\">\n\t\t\t\t\t\t\t<div class=\"elementor-widget-wrap\">\n\t\t\t\t\t\t<div class=\"elementor-element elementor-element-8f3078c animated-slow elementor-invisible elementor-widget elementor-widget-heading\" data-id=\"8f3078c\" data-element_type=\"widget\" data-settings=\"{&quot;_animation&quot;:&quot;fadeInDown&quot;}\" data-widget_type=\"heading.default\">\n\t\t\t\t<div class=\"elementor-widget-container\">\n\t\t\t<h2 class=\"elementor-heading-title elementor-size-default\">DELE<\/h2>\t\t<\/div>\n\t\t\t\t<\/div>\n\t\t\t\t\t\t<\/div>\n\t\t\t\t\t<\/div>\n\t\t<\/div>\n\t\t\t\t\t\t\t\t<\/div>\n\t\t\t\t\t<\/div>\n\t\t<\/section>\n\t\t\t\t<section class=\"elementor-section elementor-top-section elementor-element elementor-element-e725bcb elementor-section-boxed elementor-section-height-default elementor-section-height-default\" data-id=\"e725bcb\" data-element_type=\"section\">\n\t\t\t\t\t\t<div class=\"elementor-container elementor-column-gap-default\">\n\t\t\t\t\t\t\t<div class=\"elementor-row\">\n\t\t\t\t\t<div class=\"elementor-column elementor-col-100 elementor-top-column elementor-element elementor-element-badfdcd\" data-id=\"badfdcd\" data-element_type=\"column\">\n\t\t\t<div class=\"elementor-column-wrap elementor-element-populated\">\n\t\t\t\t\t\t\t<div class=\"elementor-widget-wrap\">\n\t\t\t\t\t\t<div class=\"elementor-element elementor-element-f9d33bb elementor-widget elementor-widget-heading\" data-id=\"f9d33bb\" data-element_type=\"widget\" data-widget_type=\"heading.default\">\n\t\t\t\t<div class=\"elementor-widget-container\">\n\t\t\t<h4 class=\"elementor-heading-title elementor-size-default\">Dipl\u00f4me plus d'Espagnol comme Langue Etrang\u00e8re<\/h4>\t\t<\/div>\n\t\t\t\t<\/div>\n\t\t\t\t\t\t<\/div>\n\t\t\t\t\t<\/div>\n\t\t<\/div>\n\t\t\t\t\t\t\t\t<\/div>\n\t\t\t\t\t<\/div>\n\t\t<\/section>\n\t\t\t\t<section class=\"elementor-section elementor-top-section elementor-element elementor-element-2f1c37d elementor-section-boxed elementor-section-height-default elementor-section-height-default\" data-id=\"2f1c37d\" data-element_type=\"section\">\n\t\t\t\t\t\t<div class=\"elementor-container elementor-column-gap-default\">\n\t\t\t\t\t\t\t<div class=\"elementor-row\">\n\t\t\t\t\t<div class=\"elementor-column elementor-col-100 elementor-top-column elementor-element elementor-element-801b232\" data-id=\"801b232\" data-element_type=\"column\">\n\t\t\t<div class=\"elementor-column-wrap elementor-element-populated\">\n\t\t\t\t\t\t\t<div class=\"elementor-widget-wrap\">\n\t\t\t\t\t\t<div class=\"elementor-element elementor-element-65e6a78 animated-slow elementor-invisible elementor-widget elementor-widget-text-editor\" data-id=\"65e6a78\" data-element_type=\"widget\" data-settings=\"{&quot;_animation&quot;:&quot;zoomIn&quot;}\" data-widget_type=\"text-editor.default\">\n\t\t\t\t<div class=\"elementor-widget-container\">\n\t\t\t\t\t<div class=\"elementor-text-editor elementor-clearfix\"><p>Les certifications en langue espagnole<span style=\"color: #0000ff;\"> <strong>DELE<\/strong><\/span> (<span style=\"color: #0000ff;\">Dipl\u00f4me d&rsquo;Espagnol comme Langue Etrang\u00e8re<\/span>) sont des dipl\u00f4mes officiels d\u00e9livr\u00e9s par l\u2019Instituto Cervantes au nom du minist\u00e8re espagnol de l\u2019\u00c9ducation. Elles permettent d\u2019attester le niveau de ma\u00eetrise de l\u2019espagnol et constituent un atout suppl\u00e9mentaire qui vient enrichir le dossier scolaire des \u00e9l\u00e8ves.<\/p><p>Cette certification n\u2019a aucun caract\u00e8re obligatoire. Il s\u2019agit d\u2019une proposition destin\u00e9e aux \u00e9l\u00e8ves qui souhaitent valoriser leurs comp\u00e9tences en espagnol et faire reconna\u00eetre officiellement leur ma\u00eetrise de la langue.<\/p><p><span style=\"color: #ff0000;\">Les inscriptions \u00e0 la <strong>session de l\u2019examen DELE du mois de MAI (samedi 23 mai 2026<\/strong>) sont ouvertes et <strong>cl\u00f4tureront le 8 avril 2026.<\/strong><\/span><\/p><p>Vous pouvez vous inscrire directement aupr\u00e8s de la secr\u00e9taire du coll\u00e8ge espagnol, Lizbet Chac\u00f3n : <a href=\"mailto:lizbet.chacon@ceehabana.com\"><span style=\"text-decoration: underline;\"><span style=\"color: #0000ff; text-decoration: underline;\">lizbet.chacon@ceehabana.com<\/span><\/span><\/a><\/p><p>Toutefois, le lyc\u00e9e propose aussi de se charger de l&rsquo;inscription des \u00e9l\u00e8ves int\u00e9ress\u00e9s \u00e0 passer cet examen.<\/p><p style=\"text-align: center;\">Si tel est votre cas, merci de remettre \u00e0 Rachelle PAZ <strong>avant le mercredi 1er avril<\/strong> :<\/p><ul><li style=\"text-align: center;\">\u00a0Une photocopie de la pi\u00e8ce d&rsquo;identit\u00e9 de votre enfant &#8211; en pr\u00e9cisant bien le lieu de naissance.<\/li><li style=\"text-align: left;\">La somme correspondant aux frais d&rsquo;inscription en USD.<\/li><li style=\"text-align: left;\">Une adresse \u00e9lectronique <strong><u>valide.<\/u><\/strong><p>Les professeurs d&rsquo;espagnol peuvent vous aider \u00e0 d\u00e9finir le niveau d&rsquo;examen qui correspond \u00e0 votre enfant (A1 \/ C2).\u00a0<br \/>Vous trouverez ci-dessous, l&rsquo;information qui nous a \u00e9t\u00e9 transmise par l&rsquo;\u00e9quipe d&rsquo;organisation du\u00a0DELE.<br \/><strong>Une autre session se d\u00e9roulera en novembre 2026<\/strong>. Nous vous enverrons les informations en septembre.<\/p><\/li><\/ul><\/div>\n\t\t\t\t<\/div>\n\t\t\t\t<\/div>\n\t\t\t\t\t\t<\/div>\n\t\t\t\t\t<\/div>\n\t\t<\/div>\n\t\t\t\t\t\t\t\t<\/div>\n\t\t\t\t\t<\/div>\n\t\t<\/section>\n\t\t\t\t<section class=\"elementor-section elementor-top-section elementor-element elementor-element-b109099 elementor-section-boxed elementor-section-height-default elementor-section-height-default\" data-id=\"b109099\" data-element_type=\"section\">\n\t\t\t\t\t\t<div class=\"elementor-container elementor-column-gap-default\">\n\t\t\t\t\t\t\t<div class=\"elementor-row\">\n\t\t\t\t\t<div class=\"elementor-column elementor-col-100 elementor-top-column elementor-element elementor-element-a8b85ff\" data-id=\"a8b85ff\" data-element_type=\"column\">\n\t\t\t<div class=\"elementor-column-wrap elementor-element-populated\">\n\t\t\t\t\t\t\t<div class=\"elementor-widget-wrap\">\n\t\t\t\t\t\t<div class=\"elementor-element elementor-element-488525a animated-slow elementor-invisible elementor-widget elementor-widget-text-editor\" data-id=\"488525a\" data-element_type=\"widget\" data-settings=\"{&quot;_animation&quot;:&quot;zoomIn&quot;,&quot;_animation_delay&quot;:500}\" data-widget_type=\"text-editor.default\">\n\t\t\t\t<div class=\"elementor-widget-container\">\n\t\t\t\t\t<div class=\"elementor-text-editor elementor-clearfix\"><p style=\"text-align: center;\"><strong><u>DELE -MAI 2026<\/u><\/strong><\/p><p><strong>\u00a0\u00a0<\/strong><\/p><table><tbody><tr><td width=\"123\"><p style=\"text-align: center;\"><strong>Niveau<\/strong><\/p><\/td><td width=\"83\"><p style=\"text-align: center;\"><strong>Prix<\/strong><\/p><\/td><\/tr><tr><td width=\"123\"><p><strong>A1<\/strong><\/p><\/td><td width=\"83\"><p><strong>120,00<\/strong><\/p><\/td><\/tr><tr><td width=\"123\"><p><strong>A1 scolaire<\/strong><\/p><\/td><td width=\"83\"><p><strong>120,00<\/strong><\/p><\/td><\/tr><tr><td width=\"123\"><p><strong>A2<\/strong><\/p><\/td><td width=\"83\"><p><strong>140,00<\/strong><\/p><\/td><\/tr><tr><td width=\"123\"><p><strong>A2-B1 scolaire<\/strong><\/p><\/td><td width=\"83\"><p><strong>160,00<\/strong><\/p><\/td><\/tr><tr><td width=\"123\"><p><strong>B1<\/strong><\/p><\/td><td width=\"83\"><p><strong>160,00<\/strong><\/p><\/td><\/tr><tr><td width=\"123\"><p><strong>B2<\/strong><\/p><\/td><td width=\"83\"><p><strong>180,00<\/strong><\/p><\/td><\/tr><tr><td width=\"123\"><p><strong>C1<\/strong><\/p><\/td><td width=\"83\"><p><strong>190,00<\/strong><\/p><\/td><\/tr><tr><td width=\"123\"><p><strong>C2<\/strong><\/p><\/td><td width=\"83\"><p><strong>220,00<\/strong><\/p><\/td><\/tr><\/tbody><\/table><p style=\"text-align: center;\"><strong>Devise : USD<\/strong><\/p><p style=\"text-align: center;\"><strong>Date de l&rsquo;examen (session de mai) : samedi 23 mai 2026.<\/strong><\/p><p style=\"text-align: center;\"><strong>Date limite d&rsquo;inscription : 8 avril 2026.<\/strong><\/p><p style=\"text-align: center;\"><strong>Horaires d&rsquo;inscription : de 13 h 30 \u00e0 15 h. Dix cr\u00e9neaux horaires seront attribu\u00e9s chaque jour.<\/strong><\/p><p>\u00a0<\/p><\/div>\n\t\t\t\t<\/div>\n\t\t\t\t<\/div>\n\t\t\t\t\t\t<\/div>\n\t\t\t\t\t<\/div>\n\t\t<\/div>\n\t\t\t\t\t\t\t\t<\/div>\n\t\t\t\t\t<\/div>\n\t\t<\/section>\n\t\t\t\t\t\t<\/div>\n\t\t\t\t\t\t<\/div>\n\t\t\t\t\t<\/div>\n\t\t","protected":false},"excerpt":{"rendered":"<p>DELE Dipl\u00f4me plus d&rsquo;Espagnol comme Langue Etrang\u00e8re Les certifications en langue espagnole DELE (Dipl\u00f4me d&rsquo;Espagnol comme Langue Etrang\u00e8re) sont des&nbsp;<a href=\"https:\/\/lfih.org\/index.php\/dele\/\">&hellip;<\/a><\/p>\n","protected":false},"author":2,"featured_media":0,"parent":0,"menu_order":0,"comment_status":"closed","ping_status":"closed","template":"","meta":[],"_links":{"self":[{"href":"https:\/\/lfih.org\/index.php\/wp-json\/wp\/v2\/pages\/33302"}],"collection":[{"href":"https:\/\/lfih.org\/index.php\/wp-json\/wp\/v2\/pages"}],"about":[{"href":"https:\/\/lfih.org\/index.php\/wp-json\/wp\/v2\/types\/page"}],"author":[{"embeddable":true,"href":"https:\/\/lfih.org\/index.php\/wp-json\/wp\/v2\/users\/2"}],"replies":[{"embeddable":true,"href":"https:\/\/lfih.org\/index.php\/wp-json\/wp\/v2\/comments?post=33302"}],"version-history":[{"count":22,"href":"https:\/\/lfih.org\/index.php\/wp-json\/wp\/v2\/pages\/33302\/revisions"}],"predecessor-version":[{"id":33421,"href":"https:\/\/lfih.org\/index.php\/wp-json\/wp\/v2\/pages\/33302\/revisions\/33421"}],"wp:attachment":[{"href":"https:\/\/lfih.org\/index.php\/wp-json\/wp\/v2\/media?parent=33302"}],"curies":[{"name":"wp","href":"https:\/\/api.w.org\/{rel}","templated":true}]}}