{"id":33052,"date":"2026-03-20T11:07:35","date_gmt":"2026-03-20T15:07:35","guid":{"rendered":"https:\/\/lfih.org\/?page_id=33052"},"modified":"2026-03-20T11:34:43","modified_gmt":"2026-03-20T15:34:43","slug":"reinscription-2026-2027","status":"publish","type":"page","link":"https:\/\/lfih.org\/index.php\/reinscription-2026-2027\/","title":{"rendered":"R\u00e9inscription 2026-2027"},"content":{"rendered":"\t\t<div data-elementor-type=\"wp-page\" data-elementor-id=\"33052\" class=\"elementor elementor-33052\" data-elementor-settings=\"[]\">\n\t\t\t\t\t\t<div class=\"elementor-inner\">\n\t\t\t\t\t\t\t<div class=\"elementor-section-wrap\">\n\t\t\t\t\t\t\t<section class=\"elementor-section elementor-top-section elementor-element elementor-element-47c72e6 elementor-section-boxed elementor-section-height-default elementor-section-height-default\" data-id=\"47c72e6\" data-element_type=\"section\">\n\t\t\t\t\t\t<div class=\"elementor-container elementor-column-gap-default\">\n\t\t\t\t\t\t\t<div class=\"elementor-row\">\n\t\t\t\t\t<div class=\"elementor-column elementor-col-100 elementor-top-column elementor-element elementor-element-d7b53b6\" data-id=\"d7b53b6\" data-element_type=\"column\">\n\t\t\t<div class=\"elementor-column-wrap elementor-element-populated\">\n\t\t\t\t\t\t\t<div class=\"elementor-widget-wrap\">\n\t\t\t\t\t\t<div class=\"elementor-element elementor-element-c9bff3b animated-slow elementor-invisible elementor-widget elementor-widget-image\" data-id=\"c9bff3b\" data-element_type=\"widget\" data-settings=\"{&quot;_animation&quot;:&quot;zoomIn&quot;}\" data-widget_type=\"image.default\">\n\t\t\t\t<div class=\"elementor-widget-container\">\n\t\t\t\t\t<div class=\"elementor-image\">\n\t\t\t\t\t\t\t\t\t\t<img width=\"1024\" height=\"1024\" src=\"https:\/\/lfih.org\/wp-content\/uploads\/2026\/03\/reinscription_photo-eleves-1-1024x1024.png\" class=\"attachment-large size-large\" alt=\"\" loading=\"lazy\" srcset=\"https:\/\/lfih.org\/wp-content\/uploads\/2026\/03\/reinscription_photo-eleves-1.png 1024w, https:\/\/lfih.org\/wp-content\/uploads\/2026\/03\/reinscription_photo-eleves-1-150x150.png 150w, https:\/\/lfih.org\/wp-content\/uploads\/2026\/03\/reinscription_photo-eleves-1-300x300.png 300w, https:\/\/lfih.org\/wp-content\/uploads\/2026\/03\/reinscription_photo-eleves-1-100x100.png 100w, https:\/\/lfih.org\/wp-content\/uploads\/2026\/03\/reinscription_photo-eleves-1-768x768.png 768w, https:\/\/lfih.org\/wp-content\/uploads\/2026\/03\/reinscription_photo-eleves-1-420x420.png 420w\" sizes=\"(max-width: 1024px) 100vw, 1024px\" \/>\t\t\t\t\t\t\t\t\t\t\t<\/div>\n\t\t\t\t<\/div>\n\t\t\t\t<\/div>\n\t\t\t\t\t\t<\/div>\n\t\t\t\t\t<\/div>\n\t\t<\/div>\n\t\t\t\t\t\t\t\t<\/div>\n\t\t\t\t\t<\/div>\n\t\t<\/section>\n\t\t\t\t<section class=\"elementor-section elementor-top-section elementor-element elementor-element-3bc6828 elementor-section-boxed elementor-section-height-default elementor-section-height-default\" data-id=\"3bc6828\" data-element_type=\"section\">\n\t\t\t\t\t\t<div class=\"elementor-container elementor-column-gap-default\">\n\t\t\t\t\t\t\t<div class=\"elementor-row\">\n\t\t\t\t\t<div class=\"elementor-column elementor-col-100 elementor-top-column elementor-element elementor-element-cbc769b\" data-id=\"cbc769b\" data-element_type=\"column\">\n\t\t\t<div class=\"elementor-column-wrap elementor-element-populated\">\n\t\t\t\t\t\t\t<div class=\"elementor-widget-wrap\">\n\t\t\t\t\t\t<div class=\"elementor-element elementor-element-c665a39 animated-slow elementor-invisible elementor-widget elementor-widget-text-editor\" data-id=\"c665a39\" data-element_type=\"widget\" data-settings=\"{&quot;_animation&quot;:&quot;fadeIn&quot;}\" data-widget_type=\"text-editor.default\">\n\t\t\t\t<div class=\"elementor-widget-container\">\n\t\t\t\t\t<div class=\"elementor-text-editor elementor-clearfix\"><p>Chers parents,<\/p><p>La campagne de r\u00e9inscription pour l\u2019ann\u00e9e scolaire 2026-2027 est d\u00e9sormais ouverte.<\/p><p>Nous vous prions de bien vouloir effectuer la r\u00e9inscription ou la radiation de votre\/vos enfant(s) via la plateforme <span style=\"text-decoration: underline;\"><span style=\"color: #0000ff; text-decoration: underline;\"><a style=\"color: #0000ff; text-decoration: underline;\" href=\"https:\/\/lfih.eduka.school\/login\"><strong>EDUKA<\/strong><\/a><\/span><\/span>, <span style=\"color: #ff0000;\"><strong><u>au plus tard le 24 avril 2026.<\/u><\/strong><\/span><\/p><p>Le respect de cette \u00e9ch\u00e9ance est imp\u00e9ratif pour garantir la r\u00e9inscription de votre\/vos enfant(s) \u00e0 la prochaine rentr\u00e9e scolaire.<\/p><ul><li><strong>Pour vous accompagner dans cette d\u00e9marche, nous vous invitons \u00e0 consulter le tutoriel suivant :<\/strong><\/li><\/ul><p style=\"text-align: center;\"><a href=\"https:\/\/drive.google.com\/file\/d\/1qkuxZ5DTN8GncstPTUL1zDrasAe-8Mkp\/view?usp=sharing\"><span style=\"color: #0000ff;\">Tutoriel de r\u00e9inscription ou radiation rentr\u00e9e 2026<\/span><\/a><\/p><p>L\u2019\u00e9quipe administrative reste \u00e0 votre enti\u00e8re disposition pour toute question compl\u00e9mentaire\u00a0: <a href=\"mailto:secretariat@lfih.org\">secretariat@lfih.org<\/a><\/p><\/div>\n\t\t\t\t<\/div>\n\t\t\t\t<\/div>\n\t\t\t\t\t\t<\/div>\n\t\t\t\t\t<\/div>\n\t\t<\/div>\n\t\t\t\t\t\t\t\t<\/div>\n\t\t\t\t\t<\/div>\n\t\t<\/section>\n\t\t\t\t\t\t<\/div>\n\t\t\t\t\t\t<\/div>\n\t\t\t\t\t<\/div>\n\t\t","protected":false},"excerpt":{"rendered":"<p>Chers parents, La campagne de r\u00e9inscription pour l\u2019ann\u00e9e scolaire 2026-2027 est d\u00e9sormais ouverte. Nous vous prions de bien vouloir effectuer&nbsp;<a href=\"https:\/\/lfih.org\/index.php\/reinscription-2026-2027\/\">&hellip;<\/a><\/p>\n","protected":false},"author":2,"featured_media":0,"parent":0,"menu_order":0,"comment_status":"closed","ping_status":"closed","template":"","meta":[],"_links":{"self":[{"href":"https:\/\/lfih.org\/index.php\/wp-json\/wp\/v2\/pages\/33052"}],"collection":[{"href":"https:\/\/lfih.org\/index.php\/wp-json\/wp\/v2\/pages"}],"about":[{"href":"https:\/\/lfih.org\/index.php\/wp-json\/wp\/v2\/types\/page"}],"author":[{"embeddable":true,"href":"https:\/\/lfih.org\/index.php\/wp-json\/wp\/v2\/users\/2"}],"replies":[{"embeddable":true,"href":"https:\/\/lfih.org\/index.php\/wp-json\/wp\/v2\/comments?post=33052"}],"version-history":[{"count":13,"href":"https:\/\/lfih.org\/index.php\/wp-json\/wp\/v2\/pages\/33052\/revisions"}],"predecessor-version":[{"id":33084,"href":"https:\/\/lfih.org\/index.php\/wp-json\/wp\/v2\/pages\/33052\/revisions\/33084"}],"wp:attachment":[{"href":"https:\/\/lfih.org\/index.php\/wp-json\/wp\/v2\/media?parent=33052"}],"curies":[{"name":"wp","href":"https:\/\/api.w.org\/{rel}","templated":true}]}}