{"id":21432,"date":"2024-09-25T14:22:48","date_gmt":"2024-09-25T18:22:48","guid":{"rendered":"https:\/\/lfih.org\/?page_id=21432"},"modified":"2025-09-22T10:51:50","modified_gmt":"2025-09-22T14:51:50","slug":"what-is-the-spanish-si","status":"publish","type":"page","link":"https:\/\/lfih.org\/index.php\/what-is-the-spanish-si\/","title":{"rendered":"What is the Spanish SI"},"content":{"rendered":"\t\t<div data-elementor-type=\"wp-page\" data-elementor-id=\"21432\" class=\"elementor elementor-21432\" data-elementor-settings=\"[]\">\n\t\t\t\t\t\t<div class=\"elementor-inner\">\n\t\t\t\t\t\t\t<div class=\"elementor-section-wrap\">\n\t\t\t\t\t\t\t<section class=\"elementor-section elementor-top-section elementor-element elementor-element-59096f0 elementor-section-boxed elementor-section-height-default elementor-section-height-default\" data-id=\"59096f0\" data-element_type=\"section\">\n\t\t\t\t\t\t<div class=\"elementor-container elementor-column-gap-default\">\n\t\t\t\t\t\t\t<div class=\"elementor-row\">\n\t\t\t\t\t<div class=\"elementor-column elementor-col-50 elementor-top-column elementor-element elementor-element-ca4de18\" data-id=\"ca4de18\" data-element_type=\"column\">\n\t\t\t<div class=\"elementor-column-wrap elementor-element-populated\">\n\t\t\t\t\t\t\t<div class=\"elementor-widget-wrap\">\n\t\t\t\t\t\t<div class=\"elementor-element elementor-element-f222ee3 elementor-widget elementor-widget-text-editor\" data-id=\"f222ee3\" data-element_type=\"widget\" data-widget_type=\"text-editor.default\">\n\t\t\t\t<div class=\"elementor-widget-container\">\n\t\t\t\t\t<div class=\"elementor-text-editor elementor-clearfix\"><p>The International Section (SI) is an integral part of the French education system. The SI offers enhanced Spanish language teaching.<\/p><p>The SI is jointly approved by the French and Spanish Ministries of Education. It certifies :<\/p><p>\u00a0<\/p><ul class=\"ul1\"><li class=\"li1\">an excellent level of Spanish<\/li><li>The SI is jointly approved by the French and Spanish Ministries of Education. It certifies :<\/li><li>a great capacity for work<\/li><\/ul><\/div>\n\t\t\t\t<\/div>\n\t\t\t\t<\/div>\n\t\t\t\t\t\t<\/div>\n\t\t\t\t\t<\/div>\n\t\t<\/div>\n\t\t\t\t<div class=\"elementor-column elementor-col-50 elementor-top-column elementor-element elementor-element-23be5b6\" data-id=\"23be5b6\" data-element_type=\"column\">\n\t\t\t<div class=\"elementor-column-wrap elementor-element-populated\">\n\t\t\t\t\t\t\t<div class=\"elementor-widget-wrap\">\n\t\t\t\t\t\t<div class=\"elementor-element elementor-element-2924dfc elementor-widget elementor-widget-image\" data-id=\"2924dfc\" data-element_type=\"widget\" data-widget_type=\"image.default\">\n\t\t\t\t<div class=\"elementor-widget-container\">\n\t\t\t\t\t<div class=\"elementor-image\">\n\t\t\t\t\t\t\t\t\t\t<img src=\"http:\/\/lfih.org\/wp-content\/uploads\/2021\/01\/IMG_1791-scaled.jpeg\" title=\"\" alt=\"\" \/>\t\t\t\t\t\t\t\t\t\t\t<\/div>\n\t\t\t\t<\/div>\n\t\t\t\t<\/div>\n\t\t\t\t\t\t<\/div>\n\t\t\t\t\t<\/div>\n\t\t<\/div>\n\t\t\t\t\t\t\t\t<\/div>\n\t\t\t\t\t<\/div>\n\t\t<\/section>\n\t\t\t\t<section class=\"elementor-section elementor-top-section elementor-element elementor-element-9151d4d elementor-section-boxed elementor-section-height-default elementor-section-height-default\" data-id=\"9151d4d\" data-element_type=\"section\">\n\t\t\t\t\t\t<div class=\"elementor-container elementor-column-gap-default\">\n\t\t\t\t\t\t\t<div class=\"elementor-row\">\n\t\t\t\t\t<div class=\"elementor-column elementor-col-100 elementor-top-column elementor-element elementor-element-2a3d3eb\" data-id=\"2a3d3eb\" data-element_type=\"column\">\n\t\t\t<div class=\"elementor-column-wrap elementor-element-populated\">\n\t\t\t\t\t\t\t<div class=\"elementor-widget-wrap\">\n\t\t\t\t\t\t<div class=\"elementor-element elementor-element-7b32df8 animated-slow elementor-invisible elementor-widget elementor-widget-heading\" data-id=\"7b32df8\" data-element_type=\"widget\" data-settings=\"{&quot;_animation&quot;:&quot;fadeIn&quot;}\" data-widget_type=\"heading.default\">\n\t\t\t\t<div class=\"elementor-widget-container\">\n\t\t\t<h2 class=\"elementor-heading-title elementor-size-default\">What are the specific lessons of the IS?<\/h2>\t\t<\/div>\n\t\t\t\t<\/div>\n\t\t\t\t\t\t<\/div>\n\t\t\t\t\t<\/div>\n\t\t<\/div>\n\t\t\t\t\t\t\t\t<\/div>\n\t\t\t\t\t<\/div>\n\t\t<\/section>\n\t\t\t\t<section class=\"elementor-section elementor-top-section elementor-element elementor-element-d14cb50 elementor-section-boxed elementor-section-height-default elementor-section-height-default\" data-id=\"d14cb50\" data-element_type=\"section\">\n\t\t\t\t\t\t<div class=\"elementor-container elementor-column-gap-default\">\n\t\t\t\t\t\t\t<div class=\"elementor-row\">\n\t\t\t\t\t<div class=\"elementor-column elementor-col-100 elementor-top-column elementor-element elementor-element-2e789f0\" data-id=\"2e789f0\" data-element_type=\"column\">\n\t\t\t<div class=\"elementor-column-wrap elementor-element-populated\">\n\t\t\t\t\t\t\t<div class=\"elementor-widget-wrap\">\n\t\t\t\t\t\t<div class=\"elementor-element elementor-element-f7d5fc1 elementor-widget elementor-widget-text-editor\" data-id=\"f7d5fc1\" data-element_type=\"widget\" data-widget_type=\"text-editor.default\">\n\t\t\t\t<div class=\"elementor-widget-container\">\n\t\t\t\t\t<div class=\"elementor-text-editor elementor-clearfix\"><table cellspacing=\"0\" cellpadding=\"0\"><tbody><tr><td valign=\"top\">\u00a0<\/td><td valign=\"top\"><p><strong>Du CP au CM2<\/strong><\/p><\/td><td valign=\"top\"><p><strong>De la 6e \u00e0 la 4e<\/strong><\/p><\/td><td valign=\"top\"><p><strong>Class of <\/strong><strong>3e<\/strong><\/p><\/td><\/tr><tr><td valign=\"top\"><p><strong>Spanish: modern language<\/strong><\/p><\/td><td valign=\"top\"><p>0<\/p><\/td><td valign=\"top\"><p>2 hours<\/p><\/td><td valign=\"top\"><p>2 hours<\/p><\/td><\/tr><tr><td valign=\"top\"><p><strong>Spanish: language and literature<\/strong><\/p><\/td><td valign=\"top\"><p>2 hours<\/p><\/td><td valign=\"top\"><p>4 hours<\/p><\/td><td valign=\"top\"><p>4 hours<\/p><\/td><\/tr><tr><td valign=\"top\"><p><strong>Spanish: history and geography<\/strong><\/p><\/td><td valign=\"top\"><p>1 hour<\/p><\/td><td valign=\"top\"><p>1 hour 30 minutes<\/p><\/td><td valign=\"top\"><p>2 hours<\/p><\/td><\/tr><tr><td valign=\"top\"><p><strong>Total additional hours per week compared with today<\/strong><\/p><\/td><td valign=\"top\"><p>0<\/p><\/td><td valign=\"top\"><p>3 hours<\/p><\/td><td valign=\"top\"><p>3 hours<\/p><\/td><\/tr><\/tbody><\/table><\/div>\n\t\t\t\t<\/div>\n\t\t\t\t<\/div>\n\t\t\t\t\t\t<\/div>\n\t\t\t\t\t<\/div>\n\t\t<\/div>\n\t\t\t\t\t\t\t\t<\/div>\n\t\t\t\t\t<\/div>\n\t\t<\/section>\n\t\t\t\t<section class=\"elementor-section elementor-top-section elementor-element elementor-element-33be05d elementor-section-boxed elementor-section-height-default elementor-section-height-default\" data-id=\"33be05d\" data-element_type=\"section\">\n\t\t\t\t\t\t<div class=\"elementor-container elementor-column-gap-default\">\n\t\t\t\t\t\t\t<div class=\"elementor-row\">\n\t\t\t\t\t<div class=\"elementor-column elementor-col-50 elementor-top-column elementor-element elementor-element-289e07d\" data-id=\"289e07d\" data-element_type=\"column\">\n\t\t\t<div class=\"elementor-column-wrap elementor-element-populated\">\n\t\t\t\t\t\t\t<div class=\"elementor-widget-wrap\">\n\t\t\t\t\t\t<div class=\"elementor-element elementor-element-513fbc9 animated-slow elementor-invisible elementor-widget elementor-widget-heading\" data-id=\"513fbc9\" data-element_type=\"widget\" data-settings=\"{&quot;_animation&quot;:&quot;fadeInLeft&quot;}\" data-widget_type=\"heading.default\">\n\t\t\t\t<div class=\"elementor-widget-container\">\n\t\t\t<h2 class=\"elementor-heading-title elementor-size-default\">What are the advantages of the IS?<\/h2>\t\t<\/div>\n\t\t\t\t<\/div>\n\t\t\t\t\t\t<\/div>\n\t\t\t\t\t<\/div>\n\t\t<\/div>\n\t\t\t\t<div class=\"elementor-column elementor-col-50 elementor-top-column elementor-element elementor-element-1f3cc6e\" data-id=\"1f3cc6e\" data-element_type=\"column\">\n\t\t\t<div class=\"elementor-column-wrap elementor-element-populated\">\n\t\t\t\t\t\t\t<div class=\"elementor-widget-wrap\">\n\t\t\t\t\t\t<div class=\"elementor-element elementor-element-eae5c56 animated-slow elementor-invisible elementor-widget elementor-widget-heading\" data-id=\"eae5c56\" data-element_type=\"widget\" data-settings=\"{&quot;_animation&quot;:&quot;fadeInRight&quot;}\" data-widget_type=\"heading.default\">\n\t\t\t\t<div class=\"elementor-widget-container\">\n\t\t\t<h2 class=\"elementor-heading-title elementor-size-default\">What are the expectations of the IS?<\/h2>\t\t<\/div>\n\t\t\t\t<\/div>\n\t\t\t\t\t\t<\/div>\n\t\t\t\t\t<\/div>\n\t\t<\/div>\n\t\t\t\t\t\t\t\t<\/div>\n\t\t\t\t\t<\/div>\n\t\t<\/section>\n\t\t\t\t<section class=\"elementor-section elementor-top-section elementor-element elementor-element-cc3ffd6 elementor-section-boxed elementor-section-height-default elementor-section-height-default\" data-id=\"cc3ffd6\" data-element_type=\"section\">\n\t\t\t\t\t\t<div class=\"elementor-container elementor-column-gap-default\">\n\t\t\t\t\t\t\t<div class=\"elementor-row\">\n\t\t\t\t\t<div class=\"elementor-column elementor-col-50 elementor-top-column elementor-element elementor-element-9c142a0\" data-id=\"9c142a0\" data-element_type=\"column\">\n\t\t\t<div class=\"elementor-column-wrap elementor-element-populated\">\n\t\t\t\t\t\t\t<div class=\"elementor-widget-wrap\">\n\t\t\t\t\t\t<div class=\"elementor-element elementor-element-f61ef34 elementor-widget elementor-widget-text-editor\" data-id=\"f61ef34\" data-element_type=\"widget\" data-widget_type=\"text-editor.default\">\n\t\t\t\t<div class=\"elementor-widget-container\">\n\t\t\t\t\t<div class=\"elementor-text-editor elementor-clearfix\"><ul class=\"ul1\"><li class=\"li1\">Embark on ambitious studies<\/li><li>Acquire bilingualism and biculturalism (CEFR level C1)<\/li><li>Prepare for the international option of the DNB in Year 9<\/li><li>Continue in the BACHIBAC Bi-national Section at lyc\u00e9e and prepare for 2 diplomas at the same time: the Baccalaur\u00e9at and the Bachillerato<\/li><\/ul><\/div>\n\t\t\t\t<\/div>\n\t\t\t\t<\/div>\n\t\t\t\t\t\t<\/div>\n\t\t\t\t\t<\/div>\n\t\t<\/div>\n\t\t\t\t<div class=\"elementor-column elementor-col-50 elementor-top-column elementor-element elementor-element-4761335\" data-id=\"4761335\" data-element_type=\"column\">\n\t\t\t<div class=\"elementor-column-wrap elementor-element-populated\">\n\t\t\t\t\t\t\t<div class=\"elementor-widget-wrap\">\n\t\t\t\t\t\t<div class=\"elementor-element elementor-element-f8c546a elementor-widget elementor-widget-text-editor\" data-id=\"f8c546a\" data-element_type=\"widget\" data-widget_type=\"text-editor.default\">\n\t\t\t\t<div class=\"elementor-widget-container\">\n\t\t\t\t\t<div class=\"elementor-text-editor elementor-clearfix\"><ul class=\"ul1\"><li class=\"li1\">Be willing and motivated<\/li><li class=\"li1\">An interest in and curiosity about the language and culture of the Spanish and Spanish-speaking world<\/li><li>Enjoy literature and history-geography<\/li><li>Work regularly<\/li><\/ul><\/div>\n\t\t\t\t<\/div>\n\t\t\t\t<\/div>\n\t\t\t\t\t\t<\/div>\n\t\t\t\t\t<\/div>\n\t\t<\/div>\n\t\t\t\t\t\t\t\t<\/div>\n\t\t\t\t\t<\/div>\n\t\t<\/section>\n\t\t\t\t<section class=\"elementor-section elementor-top-section elementor-element elementor-element-9266937 elementor-section-boxed elementor-section-height-default elementor-section-height-default\" data-id=\"9266937\" data-element_type=\"section\">\n\t\t\t\t\t\t<div class=\"elementor-container elementor-column-gap-default\">\n\t\t\t\t\t\t\t<div class=\"elementor-row\">\n\t\t\t\t\t<div class=\"elementor-column elementor-col-100 elementor-top-column elementor-element elementor-element-0fecdd3\" data-id=\"0fecdd3\" data-element_type=\"column\">\n\t\t\t<div class=\"elementor-column-wrap elementor-element-populated\">\n\t\t\t\t\t\t\t<div class=\"elementor-widget-wrap\">\n\t\t\t\t\t\t<div class=\"elementor-element elementor-element-3b93e39 elementor-aspect-ratio-169 elementor-widget elementor-widget-video\" data-id=\"3b93e39\" data-element_type=\"widget\" data-settings=\"{&quot;aspect_ratio&quot;:&quot;169&quot;}\" data-widget_type=\"video.default\">\n\t\t\t\t<div class=\"elementor-widget-container\">\n\t\t\t\t\t<div class=\"elementor-wrapper elementor-fit-aspect-ratio elementor-open-inline\">\n\t\t\t<iframe class=\"elementor-video-iframe\" allowfullscreen title=\"Lecteur vid\u00e9o youtube\" src=\"https:\/\/www.youtube.com\/embed\/KkVvFW4h5SM?feature=oembed&amp;start&amp;end&amp;wmode=opaque&amp;loop=0&amp;controls=1&amp;mute=0&amp;rel=0&amp;modestbranding=0\"><\/iframe>\t\t<\/div>\n\t\t\t\t<\/div>\n\t\t\t\t<\/div>\n\t\t\t\t\t\t<\/div>\n\t\t\t\t\t<\/div>\n\t\t<\/div>\n\t\t\t\t\t\t\t\t<\/div>\n\t\t\t\t\t<\/div>\n\t\t<\/section>\n\t\t\t\t<section class=\"elementor-section elementor-top-section elementor-element elementor-element-44f9ed4 elementor-section-boxed elementor-section-height-default elementor-section-height-default\" data-id=\"44f9ed4\" data-element_type=\"section\">\n\t\t\t\t\t\t<div class=\"elementor-container elementor-column-gap-default\">\n\t\t\t\t\t\t\t<div class=\"elementor-row\">\n\t\t\t\t\t<div class=\"elementor-column elementor-col-100 elementor-top-column elementor-element elementor-element-2c8c361\" data-id=\"2c8c361\" data-element_type=\"column\">\n\t\t\t<div class=\"elementor-column-wrap elementor-element-populated\">\n\t\t\t\t\t\t\t<div class=\"elementor-widget-wrap\">\n\t\t\t\t\t\t<div class=\"elementor-element elementor-element-834a16f elementor-aspect-ratio-169 elementor-widget elementor-widget-video\" data-id=\"834a16f\" data-element_type=\"widget\" data-settings=\"{&quot;aspect_ratio&quot;:&quot;169&quot;}\" data-widget_type=\"video.default\">\n\t\t\t\t<div class=\"elementor-widget-container\">\n\t\t\t\t\t<div class=\"elementor-wrapper elementor-fit-aspect-ratio elementor-open-inline\">\n\t\t\t<iframe class=\"elementor-video-iframe\" allowfullscreen title=\"Lecteur vid\u00e9o youtube\" src=\"https:\/\/www.youtube.com\/embed\/5qAMUtUToCA?feature=oembed&amp;start&amp;end&amp;wmode=opaque&amp;loop=0&amp;controls=1&amp;mute=0&amp;rel=0&amp;modestbranding=0\"><\/iframe>\t\t<\/div>\n\t\t\t\t<\/div>\n\t\t\t\t<\/div>\n\t\t\t\t\t\t<\/div>\n\t\t\t\t\t<\/div>\n\t\t<\/div>\n\t\t\t\t\t\t\t\t<\/div>\n\t\t\t\t\t<\/div>\n\t\t<\/section>\n\t\t\t\t<section class=\"elementor-section elementor-top-section elementor-element elementor-element-abadf2b elementor-section-boxed elementor-section-height-default elementor-section-height-default\" data-id=\"abadf2b\" data-element_type=\"section\">\n\t\t\t\t\t\t<div class=\"elementor-container elementor-column-gap-default\">\n\t\t\t\t\t\t\t<div class=\"elementor-row\">\n\t\t\t\t\t<div class=\"elementor-column elementor-col-100 elementor-top-column elementor-element elementor-element-691fe75\" data-id=\"691fe75\" data-element_type=\"column\">\n\t\t\t<div class=\"elementor-column-wrap elementor-element-populated\">\n\t\t\t\t\t\t\t<div class=\"elementor-widget-wrap\">\n\t\t\t\t\t\t<div class=\"elementor-element elementor-element-e181004 animated-slow elementor-invisible elementor-widget elementor-widget-heading\" data-id=\"e181004\" data-element_type=\"widget\" data-settings=\"{&quot;_animation&quot;:&quot;fadeIn&quot;}\" data-widget_type=\"heading.default\">\n\t\t\t\t<div class=\"elementor-widget-container\">\n\t\t\t<h2 class=\"elementor-heading-title elementor-size-default\">Discover the different IS \/ Bachibac <\/h2>\t\t<\/div>\n\t\t\t\t<\/div>\n\t\t\t\t\t\t<\/div>\n\t\t\t\t\t<\/div>\n\t\t<\/div>\n\t\t\t\t\t\t\t\t<\/div>\n\t\t\t\t\t<\/div>\n\t\t<\/section>\n\t\t\t\t<section class=\"elementor-section elementor-top-section elementor-element elementor-element-3565777 elementor-section-stretched elementor-section-boxed elementor-section-height-default elementor-section-height-default\" data-id=\"3565777\" data-element_type=\"section\" data-settings=\"{&quot;stretch_section&quot;:&quot;section-stretched&quot;}\">\n\t\t\t\t\t\t<div class=\"elementor-container elementor-column-gap-default\">\n\t\t\t\t\t\t\t<div class=\"elementor-row\">\n\t\t\t\t\t<div class=\"elementor-column elementor-col-100 elementor-top-column elementor-element elementor-element-26bec3e\" data-id=\"26bec3e\" data-element_type=\"column\">\n\t\t\t<div class=\"elementor-column-wrap elementor-element-populated\">\n\t\t\t\t\t\t\t<div class=\"elementor-widget-wrap\">\n\t\t\t\t\t\t<div class=\"elementor-element elementor-element-afd8317 elementor-widget elementor-widget-scp_sensei_course_carousel\" data-id=\"afd8317\" data-element_type=\"widget\" data-widget_type=\"scp_sensei_course_carousel.default\">\n\t\t\t\t<div class=\"elementor-widget-container\">\n\t\t\t\t\t\t<div class=\"linp-featured-courses-carousel wh-sensei-courses-carousel\"\n\t\t\t\tdata-items-desktop=\"4\"\n\t\t\t\tdata-items-small-desktop=\"3\"\n\t\t\t\tdata-items-tablet=\"2\"\n\t\t\t\tdata-items-mobile=\"1\"\n\t\t\t\tdata-slide-speed=\"500\"\n\t\t\t\tdata-auto-play=\"false\"\n\t\t\t\tdata-show-bullets=\"false\"\n\t\t\t\tdata-auto-height=\"false\"\n\t\t\t>\n\t\t\t\t\t\t\t\t\t<div class=\"item\">\n\t\t\t\t\t\t\t\t\t\t\t\t\t        <div class=\"img-container\">\n        <a href=\"https:\/\/lfih.org\/index.php\/cours\/si-espagnole-elementaire\/\" title=\"SI espagnole - \u00c9l\u00e9mentaire\"><img width=\"768\" height=\"510\" src=\"https:\/\/lfih.org\/wp-content\/uploads\/2021\/02\/Collage_Fotor-SI-primaire-scaled-768x510.jpg\" class=\"featured-course-thumb wp-post-image\" alt=\"\" loading=\"lazy\" \/><\/a>\n    <\/div>\n\t\t\t\t\t\t\t\t\t\t\t\t<div>\n\t\t\t\t\t\t\t<div class=\"item-inner-wrap\">\n\t\t\t\t\t\t\t\t\n\t\t\t\t\t\t\t\t<div class=\"teacher\">\n\t\t<a href=\"https:\/\/lfih.org\/index.php\/teachers\/ansalem-drake\/\" title=\"Ansalem Drake\"><img width=\"150\" height=\"150\" src=\"https:\/\/lfih.org\/wp-content\/uploads\/2017\/02\/13-150x150.jpg\" class=\"attachment-thumbnail size-thumbnail wp-post-image\" alt=\"\" loading=\"lazy\" \/><\/a>\t\t<p>\n\t\t\tAnsalem Drake\t\t<\/p>\n\t<\/div>\n\n<h4 class=\"course-title\">\n    <a href=\"https:\/\/lfih.org\/index.php\/cours\/si-espagnole-elementaire\/\" title=\"SI espagnole - \u00c9l\u00e9mentaire\">SI espagnole - \u00c9l\u00e9mentaire<\/a>\n<\/h4>    <p class=\"course-excerpt\">Les horaires sont identiques en Section Internationale et hors Section\u2026<\/p>\n\t\t\t\t\t\t\t<\/div>\n\t\t\t\t\t\t<\/div>\n\t\t\t\t\t\t<div class=\"cbp-row\">\n\t<a href=\"https:\/\/lfih.org\/index.php\/cours\/si-espagnole-elementaire\/\" class=\"wh-button course-link\">&#128065;<\/a>\n<\/div>\t\t\t\t\t<\/div>\n\t\t\t\t\t\t\t\t\t<div class=\"item\">\n\t\t\t\t\t\t\t\t\t\t\t\t\t        <div class=\"img-container\">\n        <a href=\"https:\/\/lfih.org\/index.php\/cours\/section-internationale-college\/\" title=\"SI espagnole - Coll\u00e8ge\"><img width=\"768\" height=\"510\" src=\"https:\/\/lfih.org\/wp-content\/uploads\/2021\/02\/Collage_Fotor-SI-4-img-scaled-768x510.jpg\" class=\"featured-course-thumb wp-post-image\" alt=\"\" loading=\"lazy\" \/><\/a>\n    <\/div>\n\t\t\t\t\t\t\t\t\t\t\t\t<div>\n\t\t\t\t\t\t\t<div class=\"item-inner-wrap\">\n\t\t\t\t\t\t\t\t\n\t\t\t\t\t\t\t\t<div class=\"teacher\">\n\t\t<a href=\"https:\/\/lfih.org\/index.php\/teachers\/ansalem-drake\/\" title=\"Ansalem Drake\"><img width=\"150\" height=\"150\" src=\"https:\/\/lfih.org\/wp-content\/uploads\/2017\/02\/13-150x150.jpg\" class=\"attachment-thumbnail size-thumbnail wp-post-image\" alt=\"\" loading=\"lazy\" \/><\/a>\t\t<p>\n\t\t\tAnsalem Drake\t\t<\/p>\n\t<\/div>\n\n<h4 class=\"course-title\">\n    <a href=\"https:\/\/lfih.org\/index.php\/cours\/section-internationale-college\/\" title=\"SI espagnole - Coll\u00e8ge\">SI espagnole - Coll\u00e8ge<\/a>\n<\/h4>    <p class=\"course-excerpt\">Par rapport aux \u00e9l\u00e8ves hors SI (Section Internationale), les \u00e9l\u00e8ves\u2026<\/p>\n\t\t\t\t\t\t\t<\/div>\n\t\t\t\t\t\t<\/div>\n\t\t\t\t\t\t<div class=\"cbp-row\">\n\t<a href=\"https:\/\/lfih.org\/index.php\/cours\/section-internationale-college\/\" class=\"wh-button course-link\">&#128065;<\/a>\n<\/div>\t\t\t\t\t<\/div>\n\t\t\t\t\t\t\t\t\t<div class=\"item\">\n\t\t\t\t\t\t\t\t\t\t\t\t\t        <div class=\"img-container\">\n        <a href=\"https:\/\/lfih.org\/index.php\/cours\/bachibac\/\" title=\"Section Bachibac - lyc\u00e9e\"><img width=\"768\" height=\"510\" src=\"https:\/\/lfih.org\/wp-content\/uploads\/2021\/02\/fuente-ovejuna-1-768x510.png\" class=\"featured-course-thumb wp-post-image\" alt=\"\" loading=\"lazy\" \/><\/a>\n    <\/div>\n\t\t\t\t\t\t\t\t\t\t\t\t<div>\n\t\t\t\t\t\t\t<div class=\"item-inner-wrap\">\n\t\t\t\t\t\t\t\t\n\t\t\t\t\t\t\t\t<div class=\"teacher\">\n\t\t<a href=\"https:\/\/lfih.org\/index.php\/teachers\/ansalem-drake\/\" title=\"Ansalem Drake\"><img width=\"150\" height=\"150\" src=\"https:\/\/lfih.org\/wp-content\/uploads\/2017\/02\/13-150x150.jpg\" class=\"attachment-thumbnail size-thumbnail wp-post-image\" alt=\"\" loading=\"lazy\" \/><\/a>\t\t<p>\n\t\t\tAnsalem Drake\t\t<\/p>\n\t<\/div>\n\n<h4 class=\"course-title\">\n    <a href=\"https:\/\/lfih.org\/index.php\/cours\/bachibac\/\" title=\"Section Bachibac - lyc\u00e9e\">Section Bachibac - lyc\u00e9e<\/a>\n<\/h4>    <p class=\"course-excerpt\">Les programmes de la Section binationale BACHIBAC sont fix\u00e9s conjointement\u2026<\/p>\n\t\t\t\t\t\t\t<\/div>\n\t\t\t\t\t\t<\/div>\n\t\t\t\t\t\t<div class=\"cbp-row\">\n\t<a href=\"https:\/\/lfih.org\/index.php\/cours\/bachibac\/\" class=\"wh-button course-link\">&#128065;<\/a>\n<\/div>\t\t\t\t\t<\/div>\n\t\t\t\t\t\t\t<\/div>\n\t\t\t\t<\/div>\n\t\t\t\t<\/div>\n\t\t\t\t\t\t<\/div>\n\t\t\t\t\t<\/div>\n\t\t<\/div>\n\t\t\t\t\t\t\t\t<\/div>\n\t\t\t\t\t<\/div>\n\t\t<\/section>\n\t\t\t\t\t\t<\/div>\n\t\t\t\t\t\t<\/div>\n\t\t\t\t\t<\/div>\n\t\t","protected":false},"excerpt":{"rendered":"<p>The International Section (SI) is an integral part of the French education system. The SI offers enhanced Spanish language teaching.&nbsp;<a href=\"https:\/\/lfih.org\/index.php\/what-is-the-spanish-si\/\">&hellip;<\/a><\/p>\n","protected":false},"author":1,"featured_media":0,"parent":0,"menu_order":0,"comment_status":"closed","ping_status":"closed","template":"","meta":[],"_links":{"self":[{"href":"https:\/\/lfih.org\/index.php\/wp-json\/wp\/v2\/pages\/21432"}],"collection":[{"href":"https:\/\/lfih.org\/index.php\/wp-json\/wp\/v2\/pages"}],"about":[{"href":"https:\/\/lfih.org\/index.php\/wp-json\/wp\/v2\/types\/page"}],"author":[{"embeddable":true,"href":"https:\/\/lfih.org\/index.php\/wp-json\/wp\/v2\/users\/1"}],"replies":[{"embeddable":true,"href":"https:\/\/lfih.org\/index.php\/wp-json\/wp\/v2\/comments?post=21432"}],"version-history":[{"count":25,"href":"https:\/\/lfih.org\/index.php\/wp-json\/wp\/v2\/pages\/21432\/revisions"}],"predecessor-version":[{"id":29036,"href":"https:\/\/lfih.org\/index.php\/wp-json\/wp\/v2\/pages\/21432\/revisions\/29036"}],"wp:attachment":[{"href":"https:\/\/lfih.org\/index.php\/wp-json\/wp\/v2\/media?parent=21432"}],"curies":[{"name":"wp","href":"https:\/\/api.w.org\/{rel}","templated":true}]}}