{"id":1969,"date":"2021-01-23T14:10:50","date_gmt":"2021-01-23T19:10:50","guid":{"rendered":"https:\/\/lfih.org\/?page_id=1969"},"modified":"2026-04-06T09:18:24","modified_gmt":"2026-04-06T13:18:24","slug":"ape","status":"publish","type":"page","link":"https:\/\/lfih.org\/index.php\/ape\/","title":{"rendered":"APE"},"content":{"rendered":"\t\t<div data-elementor-type=\"wp-page\" data-elementor-id=\"1969\" class=\"elementor elementor-1969\" data-elementor-settings=\"[]\">\n\t\t\t\t\t\t<div class=\"elementor-inner\">\n\t\t\t\t\t\t\t<div class=\"elementor-section-wrap\">\n\t\t\t\t\t\t\t<section class=\"elementor-section elementor-top-section elementor-element elementor-element-e6515b0 elementor-section-boxed elementor-section-height-default elementor-section-height-default\" data-id=\"e6515b0\" data-element_type=\"section\">\n\t\t\t\t\t\t<div class=\"elementor-container elementor-column-gap-default\">\n\t\t\t\t\t\t\t<div class=\"elementor-row\">\n\t\t\t\t\t<div class=\"elementor-column elementor-col-100 elementor-top-column elementor-element elementor-element-28dcb8b\" data-id=\"28dcb8b\" data-element_type=\"column\">\n\t\t\t<div class=\"elementor-column-wrap elementor-element-populated\">\n\t\t\t\t\t\t\t<div class=\"elementor-widget-wrap\">\n\t\t\t\t\t\t<div class=\"elementor-element elementor-element-c21995d animated-slow elementor-invisible elementor-widget elementor-widget-image\" data-id=\"c21995d\" data-element_type=\"widget\" data-settings=\"{&quot;_animation&quot;:&quot;zoomIn&quot;}\" data-widget_type=\"image.default\">\n\t\t\t\t<div class=\"elementor-widget-container\">\n\t\t\t\t\t<div class=\"elementor-image\">\n\t\t\t\t\t\t\t\t\t\t\t<a href=\"https:\/\/lfih.org\/wp-content\/uploads\/2026\/04\/2025-2026_APE_Bureau.png\" data-elementor-open-lightbox=\"yes\" data-elementor-lightbox-title=\"2025-2026_APE_Bureau\">\n\t\t\t\t\t\t\t<img width=\"1024\" height=\"342\" src=\"https:\/\/lfih.org\/wp-content\/uploads\/2026\/04\/2025-2026_APE_Bureau-1024x342.png\" class=\"attachment-large size-large\" alt=\"\" loading=\"lazy\" srcset=\"https:\/\/lfih.org\/wp-content\/uploads\/2026\/04\/2025-2026_APE_Bureau-1024x342.png 1024w, https:\/\/lfih.org\/wp-content\/uploads\/2026\/04\/2025-2026_APE_Bureau-300x100.png 300w, https:\/\/lfih.org\/wp-content\/uploads\/2026\/04\/2025-2026_APE_Bureau-100x33.png 100w, https:\/\/lfih.org\/wp-content\/uploads\/2026\/04\/2025-2026_APE_Bureau-1536x513.png 1536w, https:\/\/lfih.org\/wp-content\/uploads\/2026\/04\/2025-2026_APE_Bureau.png 1823w, https:\/\/lfih.org\/wp-content\/uploads\/2026\/04\/2025-2026_APE_Bureau-150x50.png 150w\" sizes=\"(max-width: 1024px) 100vw, 1024px\" \/>\t\t\t\t\t\t\t\t<\/a>\n\t\t\t\t\t\t\t\t\t\t\t<\/div>\n\t\t\t\t<\/div>\n\t\t\t\t<\/div>\n\t\t\t\t\t\t<\/div>\n\t\t\t\t\t<\/div>\n\t\t<\/div>\n\t\t\t\t\t\t\t\t<\/div>\n\t\t\t\t\t<\/div>\n\t\t<\/section>\n\t\t\t\t<section class=\"elementor-section elementor-top-section elementor-element elementor-element-12cd0565 elementor-section-boxed elementor-section-height-default elementor-section-height-default elementor-invisible\" data-id=\"12cd0565\" data-element_type=\"section\" data-settings=\"{&quot;animation&quot;:&quot;fadeInUp&quot;}\">\n\t\t\t\t\t\t<div class=\"elementor-container elementor-column-gap-default\">\n\t\t\t\t\t\t\t<div class=\"elementor-row\">\n\t\t\t\t\t<div class=\"elementor-column elementor-col-100 elementor-top-column elementor-element elementor-element-563855af\" data-id=\"563855af\" data-element_type=\"column\">\n\t\t\t<div class=\"elementor-column-wrap elementor-element-populated\">\n\t\t\t\t\t\t\t<div class=\"elementor-widget-wrap\">\n\t\t\t\t\t\t<div class=\"elementor-element elementor-element-68d62b8f elementor-widget elementor-widget-text-editor\" data-id=\"68d62b8f\" data-element_type=\"widget\" data-widget_type=\"text-editor.default\">\n\t\t\t\t<div class=\"elementor-widget-container\">\n\t\t\t\t\t<div class=\"elementor-text-editor elementor-clearfix\"><h5 style=\"text-align: center;\">Le lyc\u00e9e fran\u00e7ais de La Havane \u00ab\u00a0Alejo Carpentier\u00a0\u00bb est conventionn\u00e9 avec l&rsquo;AEFE. Il est g\u00e9r\u00e9 par un comit\u00e9 de gestion pr\u00e9sid\u00e9 par le pr\u00e9sident de l&rsquo;Association des Parents d&rsquo;El\u00e8ves.<\/h5><h4 style=\"text-align: center;\">Le bureau de l&rsquo;APE 2025-2026 est compos\u00e9 ainsi:<\/h4><p><strong>Le Pr\u00e9sident :<\/strong> Mr <span class=\"fontstyle0\">Raffale Cusenza<\/span><\/p><p><strong>La Vice-pr\u00e9sidente :<\/strong> Mme Patricia Benzaquen<\/p><p><strong>Le Tr\u00e9sorier :<\/strong> Mr Gonzalo Boluda<\/p><p><strong>Secr\u00e9taires :<\/strong>\u00a0Mme Sharity Brown et Mme Aur\u00e9lie SAMPEUR<\/p><div title=\"Page 1\"><div><div><p><strong>Email :<\/strong> <span style=\"color: #99ccff;\"><a style=\"color: #99ccff;\" href=\"mailto:apeecolehavane@gmail.com\">apeecolehavane@gmail.com<\/a><\/span><\/p><blockquote><p>Le LFIH favorise une gestion participative impliquant l&rsquo;ensemble de la communaut\u00e9 \u00e9ducative. Les familles peuvent s&rsquo;investir dans diff\u00e9rentes instances telles que le Conseil d&rsquo;\u00c9cole, le Conseil d&rsquo;\u00c9tablissement ou encore les Conseils de Classe, qui abordent les aspects p\u00e9dagogiques, organisationnels et le suivi des \u00e9l\u00e8ves.<br \/>L&rsquo;Association des Parents d&rsquo;\u00c9l\u00e8ves (APE) est constitu\u00e9e de parents d&rsquo;\u00e9l\u00e8ves b\u00e9n\u00e9voles (5 membres au sein du bureau) qui repr\u00e9sentent les familles, participent \u00e0 la gouvernance de l&rsquo;\u00e9tablissement en lien \u00e9troit avec la Direction et initient des projets qui renforcent les liens au sein de la communaut\u00e9 \u00e9ducative.<\/p><\/blockquote><\/div><\/div><\/div><h4 style=\"text-align: center;\">Plus particuli\u00e8rement l&rsquo;APE a pour buts :<\/h4><ul><li>de repr\u00e9senter les parents ou tuteurs l\u00e9gaux des \u00e9l\u00e8ves inscrits \u00e0 l\u2019Ecole Fran\u00e7aise de la Havane membres actifs de l\u2019A.P.E. ;<\/li><li>de veiller \u00e0 la bonne ex\u00e9cution de la convention de gestion existant entre l\u2019A.E.F.E. et l\u2019A.P.E. entr\u00e9e en vigueur le 01 septembre 2002 ;<\/li><li>de collaborer \u00e0 la commission des bourses ;<\/li><li>de veiller \u00e0 l\u2019int\u00e9r\u00eat des \u00e9l\u00e8ves du point de vue moral, intellectuel et mat\u00e9riel ;<\/li><li>de faciliter les rapports entre les parents, le corps enseignant et les autorit\u00e9s dont rel\u00e8ve l\u2019\u00e9tablissement ;<\/li><li>de collaborer \u00e0 l\u2019animation de la vie de l\u2019\u00e9tablissement avec la participation du plus grand nombre possible de ses adh\u00e9rents ;<\/li><li>d\u2019informer ses membres des services qu\u2019elle offre, d\u2019\u00eatre \u00e0 l\u2019\u00e9coute de tous les parents membres et de d\u00e9fendre les int\u00e9r\u00eats de tous ;<\/li><li>d\u2019organiser des comit\u00e9s permanents ou provisoires, nommer des employ\u00e9s ou aides de son bureau en leur fixant des obligations et gratifications ;<\/li><li>de promouvoir avec l\u2019accord de la direction de l\u2019\u00e9tablissement, dans l\u2019int\u00e9r\u00eat des \u00e9l\u00e8ves et de leurs familles, toute organisation d\u2019activit\u00e9s parascolaires ou extra-scolaires \u00e0 caract\u00e8re \u00e9ducatif, culturel ou sportif ;<\/li><li>de se tenir inform\u00e9e des r\u00e9formes de l\u2019Education Nationale, des projets, des souhaits et des recommandations du corps enseignant ;<\/li><li>de veiller au respect des pr\u00e9sents statuts et du r\u00e8glement int\u00e9rieur de l\u2019\u00e9tablissement et \u00e0 en tenir inform\u00e9 l\u2019ensemble de la communaut\u00e9 du Lyc\u00e9e Fran\u00e7ais de La Havane<\/li><\/ul><\/div>\n\t\t\t\t<\/div>\n\t\t\t\t<\/div>\n\t\t\t\t\t\t<\/div>\n\t\t\t\t\t<\/div>\n\t\t<\/div>\n\t\t\t\t\t\t\t\t<\/div>\n\t\t\t\t\t<\/div>\n\t\t<\/section>\n\t\t\t\t<section class=\"elementor-section elementor-top-section elementor-element elementor-element-aff0e3a animated-slow elementor-section-boxed elementor-section-height-default elementor-section-height-default elementor-invisible\" data-id=\"aff0e3a\" data-element_type=\"section\" data-settings=\"{&quot;animation&quot;:&quot;fadeIn&quot;}\">\n\t\t\t\t\t\t<div class=\"elementor-container elementor-column-gap-default\">\n\t\t\t\t\t\t\t<div class=\"elementor-row\">\n\t\t\t\t\t<div class=\"elementor-column elementor-col-50 elementor-top-column elementor-element elementor-element-637ef9c\" data-id=\"637ef9c\" data-element_type=\"column\">\n\t\t\t<div class=\"elementor-column-wrap elementor-element-populated\">\n\t\t\t\t\t\t\t<div class=\"elementor-widget-wrap\">\n\t\t\t\t\t\t<div class=\"elementor-element elementor-element-11777dd elementor-widget elementor-widget-text-editor\" data-id=\"11777dd\" data-element_type=\"widget\" data-widget_type=\"text-editor.default\">\n\t\t\t\t<div class=\"elementor-widget-container\">\n\t\t\t\t\t<div class=\"elementor-text-editor elementor-clearfix\"><blockquote><p class=\"p1\">Afin d\u2019\u00eatre membre et de tenir le droit de vote, chaque famille doit verser une cotisation annuelle de 20 USD, qui est payable aupr\u00e8s d\u2019un membre actuel du bureau. Un seul bulletin de vote par famille est accept\u00e9.<\/p><\/blockquote><p class=\"p1\">\u00a0<\/p><\/div>\n\t\t\t\t<\/div>\n\t\t\t\t<\/div>\n\t\t\t\t<div class=\"elementor-element elementor-element-e28105a elementor-align-center animated-slow elementor-invisible elementor-widget elementor-widget-button\" data-id=\"e28105a\" data-element_type=\"widget\" data-settings=\"{&quot;_animation&quot;:&quot;bounceIn&quot;}\" data-widget_type=\"button.default\">\n\t\t\t\t<div class=\"elementor-widget-container\">\n\t\t\t\t\t<div class=\"elementor-button-wrapper\">\n\t\t\t<a class=\"elementor-button elementor-size-sm\" role=\"button\">\n\t\t\t\t\t\t<span class=\"elementor-button-content-wrapper\">\n\t\t\t\t\t\t<span class=\"elementor-button-text\">T\u00e9l\u00e9charger le Bulletin d'adh\u00e9sion<\/span>\n\t\t<\/span>\n\t\t\t\t\t<\/a>\n\t\t<\/div>\n\t\t\t\t<\/div>\n\t\t\t\t<\/div>\n\t\t\t\t<section class=\"elementor-section elementor-inner-section elementor-element elementor-element-8f8063e elementor-section-boxed elementor-section-height-default elementor-section-height-default\" data-id=\"8f8063e\" data-element_type=\"section\">\n\t\t\t\t\t\t<div class=\"elementor-container elementor-column-gap-default\">\n\t\t\t\t\t\t\t<div class=\"elementor-row\">\n\t\t\t\t\t<div class=\"elementor-column elementor-col-100 elementor-inner-column elementor-element elementor-element-bf4b22a\" data-id=\"bf4b22a\" data-element_type=\"column\">\n\t\t\t<div class=\"elementor-column-wrap elementor-element-populated\">\n\t\t\t\t\t\t\t<div class=\"elementor-widget-wrap\">\n\t\t\t\t\t\t<div class=\"elementor-element elementor-element-9a8d27f gallery-spacing-custom elementor-widget elementor-widget-image-gallery\" data-id=\"9a8d27f\" data-element_type=\"widget\" data-widget_type=\"image-gallery.default\">\n\t\t\t\t<div class=\"elementor-widget-container\">\n\t\t\t\t\t<div class=\"elementor-image-gallery\">\n\t\t\t\n\t\t<style type=\"text\/css\">\n\t\t\t#gallery-1 {\n\t\t\t\tmargin: auto;\n\t\t\t}\n\t\t\t#gallery-1 .gallery-item {\n\t\t\t\tfloat: left;\n\t\t\t\tmargin-top: 10px;\n\t\t\t\ttext-align: center;\n\t\t\t\twidth: 50%;\n\t\t\t}\n\t\t\t#gallery-1 img {\n\t\t\t\tborder: 2px solid #cfcfcf;\n\t\t\t}\n\t\t\t#gallery-1 .gallery-caption {\n\t\t\t\tmargin-left: 0;\n\t\t\t}\n\t\t\t\/* see gallery_shortcode() in wp-includes\/media.php *\/\n\t\t<\/style>\n\t\t<div id='gallery-1' class='gallery galleryid-1969 gallery-columns-2 gallery-size-thumbnail'><dl class='gallery-item'>\n\t\t\t<dt class='gallery-icon landscape'>\n\t\t\t\t<a data-elementor-open-lightbox=\"yes\" data-elementor-lightbox-slideshow=\"9a8d27f\" data-elementor-lightbox-title=\"expo AES\" href='https:\/\/lfih.org\/wp-content\/uploads\/2021\/01\/primaire_expo_Fotor-1-scaled.jpg'><img width=\"150\" height=\"150\" src=\"https:\/\/lfih.org\/wp-content\/uploads\/2021\/01\/primaire_expo_Fotor-1-scaled-150x150.jpg\" class=\"attachment-thumbnail size-thumbnail\" alt=\"\" loading=\"lazy\" \/><\/a>\n\t\t\t<\/dt><\/dl><dl class='gallery-item'>\n\t\t\t<dt class='gallery-icon portrait'>\n\t\t\t\t<a data-elementor-open-lightbox=\"yes\" data-elementor-lightbox-slideshow=\"9a8d27f\" data-elementor-lightbox-title=\"GARDERIE\" href='https:\/\/lfih.org\/wp-content\/uploads\/2021\/01\/GARDERIE_Fotor-scaled.jpg'><img width=\"150\" height=\"150\" src=\"https:\/\/lfih.org\/wp-content\/uploads\/2021\/01\/GARDERIE_Fotor-scaled-150x150.jpg\" class=\"attachment-thumbnail size-thumbnail\" alt=\"\" loading=\"lazy\" srcset=\"https:\/\/lfih.org\/wp-content\/uploads\/2021\/01\/GARDERIE_Fotor-scaled-150x150.jpg 150w, https:\/\/lfih.org\/wp-content\/uploads\/2021\/01\/GARDERIE_Fotor-scaled-768x768.jpg 768w, https:\/\/lfih.org\/wp-content\/uploads\/2021\/01\/GARDERIE_Fotor-scaled-420x420.jpg 420w\" sizes=\"(max-width: 150px) 100vw, 150px\" \/><\/a>\n\t\t\t<\/dt><\/dl><br style=\"clear: both\" \/>\n\t\t<\/div>\n\t\t<\/div>\n\t\t\t\t<\/div>\n\t\t\t\t<\/div>\n\t\t\t\t\t\t<\/div>\n\t\t\t\t\t<\/div>\n\t\t<\/div>\n\t\t\t\t\t\t\t\t<\/div>\n\t\t\t\t\t<\/div>\n\t\t<\/section>\n\t\t\t\t\t\t<\/div>\n\t\t\t\t\t<\/div>\n\t\t<\/div>\n\t\t\t\t<div class=\"elementor-column elementor-col-50 elementor-top-column elementor-element elementor-element-416a051\" data-id=\"416a051\" data-element_type=\"column\">\n\t\t\t<div class=\"elementor-column-wrap\">\n\t\t\t\t\t\t\t<div class=\"elementor-widget-wrap\">\n\t\t\t\t\t\t\t\t<\/div>\n\t\t\t\t\t<\/div>\n\t\t<\/div>\n\t\t\t\t\t\t\t\t<\/div>\n\t\t\t\t\t<\/div>\n\t\t<\/section>\n\t\t\t\t\t\t<\/div>\n\t\t\t\t\t\t<\/div>\n\t\t\t\t\t<\/div>\n\t\t","protected":false},"excerpt":{"rendered":"<p>Le lyc\u00e9e fran\u00e7ais de La Havane \u00ab\u00a0Alejo Carpentier\u00a0\u00bb est conventionn\u00e9 avec l&rsquo;AEFE. Il est g\u00e9r\u00e9 par un comit\u00e9 de gestion&nbsp;<a href=\"https:\/\/lfih.org\/index.php\/ape\/\">&hellip;<\/a><\/p>\n","protected":false},"author":1,"featured_media":0,"parent":0,"menu_order":0,"comment_status":"closed","ping_status":"closed","template":"","meta":[],"_links":{"self":[{"href":"https:\/\/lfih.org\/index.php\/wp-json\/wp\/v2\/pages\/1969"}],"collection":[{"href":"https:\/\/lfih.org\/index.php\/wp-json\/wp\/v2\/pages"}],"about":[{"href":"https:\/\/lfih.org\/index.php\/wp-json\/wp\/v2\/types\/page"}],"author":[{"embeddable":true,"href":"https:\/\/lfih.org\/index.php\/wp-json\/wp\/v2\/users\/1"}],"replies":[{"embeddable":true,"href":"https:\/\/lfih.org\/index.php\/wp-json\/wp\/v2\/comments?post=1969"}],"version-history":[{"count":133,"href":"https:\/\/lfih.org\/index.php\/wp-json\/wp\/v2\/pages\/1969\/revisions"}],"predecessor-version":[{"id":34233,"href":"https:\/\/lfih.org\/index.php\/wp-json\/wp\/v2\/pages\/1969\/revisions\/34233"}],"wp:attachment":[{"href":"https:\/\/lfih.org\/index.php\/wp-json\/wp\/v2\/media?parent=1969"}],"curies":[{"name":"wp","href":"https:\/\/api.w.org\/{rel}","templated":true}]}}