{"id":18995,"date":"2024-05-22T10:30:27","date_gmt":"2024-05-22T14:30:27","guid":{"rendered":"https:\/\/lfih.org\/?page_id=18995"},"modified":"2024-07-05T09:50:15","modified_gmt":"2024-07-05T13:50:15","slug":"les-missions-de-lape","status":"publish","type":"page","link":"https:\/\/lfih.org\/index.php\/les-missions-de-lape\/","title":{"rendered":"Les missions de l&rsquo;APE"},"content":{"rendered":"\t\t<div data-elementor-type=\"wp-page\" data-elementor-id=\"18995\" class=\"elementor elementor-18995\" data-elementor-settings=\"[]\">\n\t\t\t\t\t\t<div class=\"elementor-inner\">\n\t\t\t\t\t\t\t<div class=\"elementor-section-wrap\">\n\t\t\t\t\t\t\t<section class=\"elementor-section elementor-top-section elementor-element elementor-element-c4710f2 elementor-section-boxed elementor-section-height-default elementor-section-height-default\" data-id=\"c4710f2\" data-element_type=\"section\">\n\t\t\t\t\t\t<div class=\"elementor-container elementor-column-gap-default\">\n\t\t\t\t\t\t\t<div class=\"elementor-row\">\n\t\t\t\t\t<div class=\"elementor-column elementor-col-100 elementor-top-column elementor-element elementor-element-a2d5d0d\" data-id=\"a2d5d0d\" data-element_type=\"column\">\n\t\t\t<div class=\"elementor-column-wrap elementor-element-populated\">\n\t\t\t\t\t\t\t<div class=\"elementor-widget-wrap\">\n\t\t\t\t\t\t<div class=\"elementor-element elementor-element-3859eac elementor-widget elementor-widget-text-editor\" data-id=\"3859eac\" data-element_type=\"widget\" data-widget_type=\"text-editor.default\">\n\t\t\t\t<div class=\"elementor-widget-container\">\n\t\t\t\t\t<div class=\"elementor-text-editor elementor-clearfix\"><div title=\"Page 1\"><div><div><blockquote><p>L\u2019association a pour but de repr\u00e9senter les parents d\u2019\u00e9l\u00e8ves membres. Elle sert de liaison entre les parents, le corps enseignant et la direction de l\u2019\u00e9cole et elle est gestionnaire de l\u2019\u00e9tablissement.<\/p><\/blockquote><\/div><\/div><\/div><h4>Plus particuli\u00e8rement l&rsquo;APE a pour buts :<\/h4><ul><li>de repr\u00e9senter les parents ou tuteurs l\u00e9gaux des \u00e9l\u00e8ves inscrits \u00e0 l\u2019Ecole Fran\u00e7aise de la Havane membres actifs de l\u2019A.P.E. ;<\/li><li>de veiller \u00e0 la bonne ex\u00e9cution de la convention de gestion existant entre l\u2019A.E.F.E. et l\u2019A.P.E. entr\u00e9e en vigueur le 01 septembre 2002 ;<\/li><li>de collaborer \u00e0 la commission des bourses ;<\/li><li>de veiller \u00e0 l\u2019int\u00e9r\u00eat des \u00e9l\u00e8ves du point de vue moral, intellectuel et mat\u00e9riel ;<\/li><li>de faciliter les rapports entre les parents, le corps enseignant et les autorit\u00e9s dont rel\u00e8ve l\u2019\u00e9tablissement ;<\/li><li>de collaborer \u00e0 l\u2019animation de la vie de l\u2019\u00e9tablissement avec la participation du plus grand nombre possible de ses adh\u00e9rents ;<\/li><li>d\u2019informer ses membres des services qu\u2019elle offre, d\u2019\u00eatre \u00e0 l\u2019\u00e9coute de tous les parents membres et de d\u00e9fendre les int\u00e9r\u00eats de tous ;<\/li><li>d\u2019organiser des comit\u00e9s permanents ou provisoires, nommer des employ\u00e9s ou aides de son bureau en leur fixant des obligations et gratifications ;<\/li><li>de promouvoir avec l\u2019accord de la direction de l\u2019\u00e9tablissement, dans l\u2019int\u00e9r\u00eat des \u00e9l\u00e8ves et de leurs familles, toute organisation d\u2019activit\u00e9s parascolaires ou extra-scolaires \u00e0 caract\u00e8re \u00e9ducatif, culturel ou sportif ;<\/li><li>de se tenir inform\u00e9e des r\u00e9formes de l\u2019Education Nationale, des projets, des souhaits et des recommandations du corps enseignant ;<\/li><li>de veiller au respect des pr\u00e9sents statuts et du r\u00e8glement int\u00e9rieur de l\u2019\u00e9tablissement et \u00e0 en tenir inform\u00e9 l\u2019ensemble de la communaut\u00e9 du Lyc\u00e9e Fran\u00e7ais de La Havane<\/li><\/ul><\/div>\n\t\t\t\t<\/div>\n\t\t\t\t<\/div>\n\t\t\t\t\t\t<\/div>\n\t\t\t\t\t<\/div>\n\t\t<\/div>\n\t\t\t\t\t\t\t\t<\/div>\n\t\t\t\t\t<\/div>\n\t\t<\/section>\n\t\t\t\t\t\t<\/div>\n\t\t\t\t\t\t<\/div>\n\t\t\t\t\t<\/div>\n\t\t","protected":false},"excerpt":{"rendered":"<p>L\u2019association a pour but de repr\u00e9senter les parents d\u2019\u00e9l\u00e8ves membres. Elle sert de liaison entre les parents, le corps enseignant&nbsp;<a href=\"https:\/\/lfih.org\/index.php\/les-missions-de-lape\/\">&hellip;<\/a><\/p>\n","protected":false},"author":1,"featured_media":0,"parent":0,"menu_order":0,"comment_status":"closed","ping_status":"closed","template":"","meta":[],"_links":{"self":[{"href":"https:\/\/lfih.org\/index.php\/wp-json\/wp\/v2\/pages\/18995"}],"collection":[{"href":"https:\/\/lfih.org\/index.php\/wp-json\/wp\/v2\/pages"}],"about":[{"href":"https:\/\/lfih.org\/index.php\/wp-json\/wp\/v2\/types\/page"}],"author":[{"embeddable":true,"href":"https:\/\/lfih.org\/index.php\/wp-json\/wp\/v2\/users\/1"}],"replies":[{"embeddable":true,"href":"https:\/\/lfih.org\/index.php\/wp-json\/wp\/v2\/comments?post=18995"}],"version-history":[{"count":10,"href":"https:\/\/lfih.org\/index.php\/wp-json\/wp\/v2\/pages\/18995\/revisions"}],"predecessor-version":[{"id":20365,"href":"https:\/\/lfih.org\/index.php\/wp-json\/wp\/v2\/pages\/18995\/revisions\/20365"}],"wp:attachment":[{"href":"https:\/\/lfih.org\/index.php\/wp-json\/wp\/v2\/media?parent=18995"}],"curies":[{"name":"wp","href":"https:\/\/api.w.org\/{rel}","templated":true}]}}