{"id":14522,"date":"2024-03-22T08:35:05","date_gmt":"2024-03-22T12:35:05","guid":{"rendered":"https:\/\/lfih.org\/?page_id=14522"},"modified":"2026-03-13T09:47:40","modified_gmt":"2026-03-13T13:47:40","slug":"inscription-journee-portes-ouvertes-au-lfih-du-06-avril-2024","status":"publish","type":"page","link":"https:\/\/lfih.org\/index.php\/inscription-journee-portes-ouvertes-au-lfih-du-06-avril-2024\/","title":{"rendered":"Z_Inscription journ\u00e9e portes ouvertes au LFIH du 06 avril 2024"},"content":{"rendered":"\t\t<div data-elementor-type=\"wp-page\" data-elementor-id=\"14522\" class=\"elementor elementor-14522\" data-elementor-settings=\"[]\">\n\t\t\t\t\t\t<div class=\"elementor-inner\">\n\t\t\t\t\t\t\t<div class=\"elementor-section-wrap\">\n\t\t\t\t\t\t\t<section class=\"elementor-section elementor-top-section elementor-element elementor-element-2ac6572 elementor-section-boxed elementor-section-height-default elementor-section-height-default\" data-id=\"2ac6572\" data-element_type=\"section\">\n\t\t\t\t\t\t<div class=\"elementor-container elementor-column-gap-default\">\n\t\t\t\t\t\t\t<div class=\"elementor-row\">\n\t\t\t\t\t<div class=\"elementor-column elementor-col-100 elementor-top-column elementor-element elementor-element-860707e\" data-id=\"860707e\" data-element_type=\"column\">\n\t\t\t<div class=\"elementor-column-wrap elementor-element-populated\">\n\t\t\t\t\t\t\t<div class=\"elementor-widget-wrap\">\n\t\t\t\t\t\t<div class=\"elementor-element elementor-element-c8e1c0d elementor-widget elementor-widget-text-editor\" data-id=\"c8e1c0d\" data-element_type=\"widget\" data-widget_type=\"text-editor.default\">\n\t\t\t\t<div class=\"elementor-widget-container\">\n\t\t\t\t\t<div class=\"elementor-text-editor elementor-clearfix\"><p>Vous \u00eates officiellement invit\u00e9s \u00e0 notre \u00e9v\u00e9nement sp\u00e9cial des Portes Ouvertes !<\/p><p><span style=\"color: #ff0000;\"><strong>Date : 11 avril 2026<\/strong><\/span><\/p><p><strong>Heure : de 9h \u00e0 13h45<\/strong><\/p><p><strong>Lieu : site de l&rsquo;\u00c9l\u00e9mentaire (Calle 182 N\u00b0 1513 e\/ 15 y 17 Siboney, Playa)<\/strong><\/p><p>Rejoignez-nous pour une journ\u00e9e exceptionnelle o\u00f9 l&rsquo;apprentissage rencontre la convivialit\u00e9 internationale ! D\u00e9couvrez nos programmes acad\u00e9miques de renomm\u00e9e mondiale, explorez nos installations et rencontrez notre \u00e9quipe p\u00e9dagogique.<\/p><p>Vous aurez \u00e9galement l&rsquo;opportunit\u00e9 d&rsquo;assister \u00e0 la F\u00eate des Nations, organis\u00e9e par l&rsquo;APE o\u00f9 vous pourrez d\u00e9guster des plats typiques internationaux et en apprendre davantage sur les diff\u00e9rentes cultures repr\u00e9sent\u00e9es au sein de notre communaut\u00e9 scolaire.<\/p><p>Que vous soyez d\u00e9j\u00e0 membre de notre communaut\u00e9 scolaire ou que vous envisagiez de rejoindre notre \u00e9tablissement, cette matin\u00e9e festive et instructive est l&rsquo;occasion id\u00e9ale de d\u00e9couvrir le Lyc\u00e9e Fran\u00e7ais International de La Havane.<\/p><p><img class=\"emoji\" role=\"img\" draggable=\"false\" src=\"https:\/\/s.w.org\/images\/core\/emoji\/13.0.0\/svg\/26a0.svg\" alt=\"\u26a0\ufe0f\" \/> <strong><span style=\"color: #ff0000;\">N&rsquo;oubliez pas de r\u00e9server votre place d\u00e8s maintenant.<\/span> <\/strong>Pour plus d&rsquo;informations, contactez-nous au (+53) 7273.6264 ou par e-mail \u00e0 secretariat@ecolehavane.org<\/p><p><img class=\"emoji\" role=\"img\" draggable=\"false\" src=\"https:\/\/s.w.org\/images\/core\/emoji\/13.0.0\/svg\/27a1.svg\" alt=\"\u27a1\ufe0f\" \/><span style=\"color: #0000ff;\"> <a style=\"color: #0000ff;\" href=\"https:\/\/docs.google.com\/forms\/d\/e\/1FAIpQLSdBWDXiTczLdy64sO4vgOMJZ7gfzea_GzA_JNiWmoAWq3HbUA\/viewform\">Formulaire d&rsquo;inscription aux Portes Ouvertes<\/a><\/span> :<\/p><p><img class=\"emoji\" role=\"img\" draggable=\"false\" src=\"https:\/\/s.w.org\/images\/core\/emoji\/13.0.0\/svg\/27a1.svg\" alt=\"\u27a1\ufe0f\" \/><span style=\"color: #0000ff;\"><a style=\"color: #0000ff;\" href=\"https:\/\/docs.google.com\/forms\/d\/1XLUT8JSilj7MTGtzHDqE3ZO9gUUR_3tXw4W2aeREZ2g\/prefill\"> Formulaire d&rsquo;inscription aux Visites guid\u00e9es Mus\u00e9cole<\/a> <\/span>:<\/p><p>\u00c0 bient\u00f4t !<\/p><p>If you speak only English, we also provide you with the registration forms for our event via the following links:<\/p><p><img class=\"emoji\" role=\"img\" draggable=\"false\" src=\"https:\/\/s.w.org\/images\/core\/emoji\/13.0.0\/svg\/27a1.svg\" alt=\"\u27a1\ufe0f\" \/> <a href=\"https:\/\/docs.google.com\/forms\/d\/e\/1FAIpQLSdGQNCUxy8Bu5SHiG5YQz1uxSweSdSCKHmo3Ck6g2BH75dFGA\/viewform?usp=pp_url\"><span style=\"color: #0000ff;\">Open Day regiter form<\/span><\/a> :<\/p><p><img class=\"emoji\" role=\"img\" draggable=\"false\" src=\"https:\/\/s.w.org\/images\/core\/emoji\/13.0.0\/svg\/27a1.svg\" alt=\"\u27a1\ufe0f\" \/> <a href=\"https:\/\/docs.google.com\/forms\/d\/e\/1FAIpQLSeT2hL2M1mmC1yJMDUMdeGp57NiawSx2zbbiwWEhuyRITvoMQ\/viewform?usp=pp_url\"><span style=\"color: #0000ff;\">Musecole guided tour<\/span><\/a> :<\/p><\/div>\n\t\t\t\t<\/div>\n\t\t\t\t<\/div>\n\t\t\t\t\t\t<\/div>\n\t\t\t\t\t<\/div>\n\t\t<\/div>\n\t\t\t\t\t\t\t\t<\/div>\n\t\t\t\t\t<\/div>\n\t\t<\/section>\n\t\t\t\t\t\t<\/div>\n\t\t\t\t\t\t<\/div>\n\t\t\t\t\t<\/div>\n\t\t","protected":false},"excerpt":{"rendered":"<p>Vous \u00eates officiellement invit\u00e9s \u00e0 notre \u00e9v\u00e9nement sp\u00e9cial des Portes Ouvertes ! Date : 11 avril 2026 Heure : de&nbsp;<a href=\"https:\/\/lfih.org\/index.php\/inscription-journee-portes-ouvertes-au-lfih-du-06-avril-2024\/\">&hellip;<\/a><\/p>\n","protected":false},"author":1,"featured_media":0,"parent":0,"menu_order":0,"comment_status":"closed","ping_status":"closed","template":"","meta":[],"_links":{"self":[{"href":"https:\/\/lfih.org\/index.php\/wp-json\/wp\/v2\/pages\/14522"}],"collection":[{"href":"https:\/\/lfih.org\/index.php\/wp-json\/wp\/v2\/pages"}],"about":[{"href":"https:\/\/lfih.org\/index.php\/wp-json\/wp\/v2\/types\/page"}],"author":[{"embeddable":true,"href":"https:\/\/lfih.org\/index.php\/wp-json\/wp\/v2\/users\/1"}],"replies":[{"embeddable":true,"href":"https:\/\/lfih.org\/index.php\/wp-json\/wp\/v2\/comments?post=14522"}],"version-history":[{"count":34,"href":"https:\/\/lfih.org\/index.php\/wp-json\/wp\/v2\/pages\/14522\/revisions"}],"predecessor-version":[{"id":32492,"href":"https:\/\/lfih.org\/index.php\/wp-json\/wp\/v2\/pages\/14522\/revisions\/32492"}],"wp:attachment":[{"href":"https:\/\/lfih.org\/index.php\/wp-json\/wp\/v2\/media?parent=14522"}],"curies":[{"name":"wp","href":"https:\/\/api.w.org\/{rel}","templated":true}]}}