{"id":12270,"date":"2024-01-22T11:41:36","date_gmt":"2024-01-22T16:41:36","guid":{"rendered":"https:\/\/lfih.org\/?page_id=12270"},"modified":"2024-01-24T11:00:16","modified_gmt":"2024-01-24T16:00:16","slug":"puesto-de-cpe","status":"publish","type":"page","link":"https:\/\/lfih.org\/index.php\/puesto-de-cpe\/","title":{"rendered":"Puesto de CPE"},"content":{"rendered":"\t\t<div data-elementor-type=\"wp-page\" data-elementor-id=\"12270\" class=\"elementor elementor-12270\" data-elementor-settings=\"[]\">\n\t\t\t\t\t\t<div class=\"elementor-inner\">\n\t\t\t\t\t\t\t<div class=\"elementor-section-wrap\">\n\t\t\t\t\t\t\t<section class=\"elementor-section elementor-top-section elementor-element elementor-element-9bafa8a elementor-section-boxed elementor-section-height-default elementor-section-height-default\" data-id=\"9bafa8a\" data-element_type=\"section\">\n\t\t\t\t\t\t<div class=\"elementor-container elementor-column-gap-default\">\n\t\t\t\t\t\t\t<div class=\"elementor-row\">\n\t\t\t\t\t<div class=\"elementor-column elementor-col-100 elementor-top-column elementor-element elementor-element-6ce236d\" data-id=\"6ce236d\" data-element_type=\"column\">\n\t\t\t<div class=\"elementor-column-wrap elementor-element-populated\">\n\t\t\t\t\t\t\t<div class=\"elementor-widget-wrap\">\n\t\t\t\t\t\t<div class=\"elementor-element elementor-element-23e6d69 elementor-widget elementor-widget-text-editor\" data-id=\"23e6d69\" data-element_type=\"widget\" data-widget_type=\"text-editor.default\">\n\t\t\t\t<div class=\"elementor-widget-container\">\n\t\t\t\t\t<div class=\"elementor-text-editor elementor-clearfix\"><p>Estimado\/a Se\u00f1or\/a<\/p><p>Si desea presentar su candidatura para un puesto de Consejero Principal de Educaci\u00f3n en el Lyc\u00e9e Fran\u00e7ais International de La Havane, a continuaci\u00f3n encontrar\u00e1 informaci\u00f3n \u00fatil que le ayudar\u00e1 con su solicitud;<\/p><p><strong>Su candidatura :<\/strong><\/p><p>Las candidaturas deber\u00e1n enviarse por v\u00eda electr\u00f3nica a: secretariat@ecolehavane.org<\/p><p>Su candidatura deber\u00e1 ir acompa\u00f1ada de los siguientes documentos<\/p><ul><li>Curriculum vitae<\/li><li>Una carta de motivaci\u00f3n<\/li><li>Copia de un documento de identidad<\/li><li>Cualquier documento que considere \u00fatil, en particular documentos que permitan evaluar la calidad de su trabajo o sus competencias<\/li><\/ul><\/div>\n\t\t\t\t<\/div>\n\t\t\t\t<\/div>\n\t\t\t\t\t\t<\/div>\n\t\t\t\t\t<\/div>\n\t\t<\/div>\n\t\t\t\t\t\t\t\t<\/div>\n\t\t\t\t\t<\/div>\n\t\t<\/section>\n\t\t\t\t<section class=\"elementor-section elementor-top-section elementor-element elementor-element-122c6ec elementor-section-boxed elementor-section-height-default elementor-section-height-default\" data-id=\"122c6ec\" data-element_type=\"section\">\n\t\t\t\t\t\t<div class=\"elementor-container elementor-column-gap-default\">\n\t\t\t\t\t\t\t<div class=\"elementor-row\">\n\t\t\t\t\t<div class=\"elementor-column elementor-col-100 elementor-top-column elementor-element elementor-element-2ae0f9f\" data-id=\"2ae0f9f\" data-element_type=\"column\">\n\t\t\t<div class=\"elementor-column-wrap elementor-element-populated\">\n\t\t\t\t\t\t\t<div class=\"elementor-widget-wrap\">\n\t\t\t\t\t\t<div class=\"elementor-element elementor-element-35ed73c elementor-align-center elementor-widget elementor-widget-button\" data-id=\"35ed73c\" data-element_type=\"widget\" data-widget_type=\"button.default\">\n\t\t\t\t<div class=\"elementor-widget-container\">\n\t\t\t\t\t<div class=\"elementor-button-wrapper\">\n\t\t\t<a href=\"http:\/\/lfih.org\/wp-content\/uploads\/2024\/01\/Fiche-de-poste-CPE-2.pdf\" target=\"_blank\" class=\"elementor-button-link elementor-button elementor-size-sm\" role=\"button\">\n\t\t\t\t\t\t<span class=\"elementor-button-content-wrapper\">\n\t\t\t\t\t\t<span class=\"elementor-button-text\">Descripci\u00f3n del puesto de CPE<\/span>\n\t\t<\/span>\n\t\t\t\t\t<\/a>\n\t\t<\/div>\n\t\t\t\t<\/div>\n\t\t\t\t<\/div>\n\t\t\t\t\t\t<\/div>\n\t\t\t\t\t<\/div>\n\t\t<\/div>\n\t\t\t\t\t\t\t\t<\/div>\n\t\t\t\t\t<\/div>\n\t\t<\/section>\n\t\t\t\t\t\t<\/div>\n\t\t\t\t\t\t<\/div>\n\t\t\t\t\t<\/div>\n\t\t","protected":false},"excerpt":{"rendered":"<p>Estimado\/a Se\u00f1or\/a Si desea presentar su candidatura para un puesto de Consejero Principal de Educaci\u00f3n en el Lyc\u00e9e Fran\u00e7ais International&nbsp;<a href=\"https:\/\/lfih.org\/index.php\/puesto-de-cpe\/\">&hellip;<\/a><\/p>\n","protected":false},"author":1,"featured_media":0,"parent":0,"menu_order":0,"comment_status":"closed","ping_status":"closed","template":"","meta":[],"_links":{"self":[{"href":"https:\/\/lfih.org\/index.php\/wp-json\/wp\/v2\/pages\/12270"}],"collection":[{"href":"https:\/\/lfih.org\/index.php\/wp-json\/wp\/v2\/pages"}],"about":[{"href":"https:\/\/lfih.org\/index.php\/wp-json\/wp\/v2\/types\/page"}],"author":[{"embeddable":true,"href":"https:\/\/lfih.org\/index.php\/wp-json\/wp\/v2\/users\/1"}],"replies":[{"embeddable":true,"href":"https:\/\/lfih.org\/index.php\/wp-json\/wp\/v2\/comments?post=12270"}],"version-history":[{"count":17,"href":"https:\/\/lfih.org\/index.php\/wp-json\/wp\/v2\/pages\/12270\/revisions"}],"predecessor-version":[{"id":12422,"href":"https:\/\/lfih.org\/index.php\/wp-json\/wp\/v2\/pages\/12270\/revisions\/12422"}],"wp:attachment":[{"href":"https:\/\/lfih.org\/index.php\/wp-json\/wp\/v2\/media?parent=12270"}],"curies":[{"name":"wp","href":"https:\/\/api.w.org\/{rel}","templated":true}]}}

<div data-elementor-type="wp-page" data-elementor-id="12270" class="elementor elementor-12270" data-elementor-settings="[]">
						<div class="elementor-inner">
							<div class="elementor-section-wrap">
							<section class="elementor-section elementor-top-section elementor-element elementor-element-9bafa8a elementor-section-boxed elementor-section-height-default elementor-section-height-default" data-id="9bafa8a" data-element_type="section">
						<div class="elementor-container elementor-column-gap-default">
							<div class="elementor-row">
					<div class="elementor-column elementor-col-100 elementor-top-column elementor-element elementor-element-6ce236d" data-id="6ce236d" data-element_type="column">
			<div class="elementor-column-wrap elementor-element-populated">
							<div class="elementor-widget-wrap">
						<div class="elementor-element elementor-element-23e6d69 elementor-widget elementor-widget-text-editor" data-id="23e6d69" data-element_type="widget" data-widget_type="text-editor.default">
				<div class="elementor-widget-container">
					<div class="elementor-text-editor elementor-clearfix"><p>Estimado/a Señor/a</p><p>Si desea presentar su candidatura para un puesto de Consejero Principal de Educación en el Lycée Français International de La Havane, a continuación encontrará información útil que le ayudará con su solicitud;</p><p><strong>Su candidatura :</strong></p><p>Las candidaturas deberán enviarse por vía electrónica a: secretariat@ecolehavane.org</p><p>Su candidatura deberá ir acompañada de los siguientes documentos</p><ul><li>Curriculum vitae</li><li>Una carta de motivación</li><li>Copia de un documento de identidad</li><li>Cualquier documento que considere útil, en particular documentos que permitan evaluar la calidad de su trabajo o sus competencias</li></ul></div>
				</div>
				</div>
						</div>
					</div>
		</div>
								</div>
					</div>
		</section>
				<section class="elementor-section elementor-top-section elementor-element elementor-element-122c6ec elementor-section-boxed elementor-section-height-default elementor-section-height-default" data-id="122c6ec" data-element_type="section">
						<div class="elementor-container elementor-column-gap-default">
							<div class="elementor-row">
					<div class="elementor-column elementor-col-100 elementor-top-column elementor-element elementor-element-2ae0f9f" data-id="2ae0f9f" data-element_type="column">
			<div class="elementor-column-wrap elementor-element-populated">
							<div class="elementor-widget-wrap">
						<div class="elementor-element elementor-element-35ed73c elementor-align-center elementor-widget elementor-widget-button" data-id="35ed73c" data-element_type="widget" data-widget_type="button.default">
				<div class="elementor-widget-container">
					<div class="elementor-button-wrapper">
			<a href="http://lfih.org/wp-content/uploads/2024/01/Fiche-de-poste-CPE-2.pdf" target="_blank" class="elementor-button-link elementor-button elementor-size-sm" role="button">
						<span class="elementor-button-content-wrapper">
						<span class="elementor-button-text">Descripción del puesto de CPE</span>
		</span>
					</a>
		</div>
				</div>
				</div>
						</div>
					</div>
		</div>
								</div>
					</div>
		</section>
						</div>
						</div>
					</div>

<p>Estimado/a Señor/a Si desea presentar su candidatura para un puesto de Consejero Principal de Educación en el Lycée Français International&nbsp;<a href="https://lfih.org/index.php/puesto-de-cpe/">&hellip;</a></p>
