{"id":12184,"date":"2024-01-17T13:35:38","date_gmt":"2024-01-17T18:35:38","guid":{"rendered":"https:\/\/lfih.org\/?page_id=12184"},"modified":"2026-03-13T09:46:31","modified_gmt":"2026-03-13T13:46:31","slug":"fiche-de-poste-cpe-3","status":"publish","type":"page","link":"https:\/\/lfih.org\/index.php\/fiche-de-poste-cpe-3\/","title":{"rendered":"Z_Fiche de poste CPE"},"content":{"rendered":"\t\t<div data-elementor-type=\"wp-page\" data-elementor-id=\"12184\" class=\"elementor elementor-12184\" data-elementor-settings=\"[]\">\n\t\t\t\t\t\t<div class=\"elementor-inner\">\n\t\t\t\t\t\t\t<div class=\"elementor-section-wrap\">\n\t\t\t\t\t\t\t<section class=\"elementor-section elementor-top-section elementor-element elementor-element-9bafa8a elementor-section-boxed elementor-section-height-default elementor-section-height-default\" data-id=\"9bafa8a\" data-element_type=\"section\">\n\t\t\t\t\t\t<div class=\"elementor-container elementor-column-gap-default\">\n\t\t\t\t\t\t\t<div class=\"elementor-row\">\n\t\t\t\t\t<div class=\"elementor-column elementor-col-100 elementor-top-column elementor-element elementor-element-6ce236d\" data-id=\"6ce236d\" data-element_type=\"column\">\n\t\t\t<div class=\"elementor-column-wrap elementor-element-populated\">\n\t\t\t\t\t\t\t<div class=\"elementor-widget-wrap\">\n\t\t\t\t\t\t<div class=\"elementor-element elementor-element-23e6d69 elementor-widget elementor-widget-text-editor\" data-id=\"23e6d69\" data-element_type=\"widget\" data-widget_type=\"text-editor.default\">\n\t\t\t\t<div class=\"elementor-widget-container\">\n\t\t\t\t\t<div class=\"elementor-text-editor elementor-clearfix\"><p>Madame, Monsieur,<\/p><p>Vous souhaitez vous porter candidat(e) \u00e0 un poste de Conseill\u00e8r(e) Principal(e) d\u2019Education au Lyc\u00e9e Fran\u00e7ais International de La Havane, vous trouverez ci-dessous quelques informations utiles dans le cadre de votre candidature;<\/p><p><strong>Votre dossier de candidature\u00a0:<\/strong><\/p><p>Les dossiers de candidature seront envoy\u00e9s par voie \u00e9lectronique \u00e0 l\u2019adresse\u00a0: <a href=\"mailto:secretariat@ecolehavane.org\">secretariat@ecolehavane.org<\/a><\/p><p>Les documents suivants devront accompagner votre demande\u00a0:<\/p><ul><li>Un Curriculum Vitae<\/li><li>Une lettre de motivation<\/li><li>Copie d\u2019une pi\u00e8ce d\u2019identit\u00e9<\/li><li>Tout document que vous jugez utile notamment les documents permettant d\u2019appr\u00e9cier la qualit\u00e9 de votre travail ou de vos comp\u00e9tences<\/li><\/ul><\/div>\n\t\t\t\t<\/div>\n\t\t\t\t<\/div>\n\t\t\t\t\t\t<\/div>\n\t\t\t\t\t<\/div>\n\t\t<\/div>\n\t\t\t\t\t\t\t\t<\/div>\n\t\t\t\t\t<\/div>\n\t\t<\/section>\n\t\t\t\t<section class=\"elementor-section elementor-top-section elementor-element elementor-element-122c6ec elementor-section-boxed elementor-section-height-default elementor-section-height-default\" data-id=\"122c6ec\" data-element_type=\"section\">\n\t\t\t\t\t\t<div class=\"elementor-container elementor-column-gap-default\">\n\t\t\t\t\t\t\t<div class=\"elementor-row\">\n\t\t\t\t\t<div class=\"elementor-column elementor-col-100 elementor-top-column elementor-element elementor-element-2ae0f9f\" data-id=\"2ae0f9f\" data-element_type=\"column\">\n\t\t\t<div class=\"elementor-column-wrap elementor-element-populated\">\n\t\t\t\t\t\t\t<div class=\"elementor-widget-wrap\">\n\t\t\t\t\t\t<div class=\"elementor-element elementor-element-35ed73c elementor-align-center elementor-widget elementor-widget-button\" data-id=\"35ed73c\" data-element_type=\"widget\" data-widget_type=\"button.default\">\n\t\t\t\t<div class=\"elementor-widget-container\">\n\t\t\t\t\t<div class=\"elementor-button-wrapper\">\n\t\t\t<a href=\"http:\/\/lfih.org\/wp-content\/uploads\/2024\/01\/Fiche-de-poste-CPE-2.pdf\" target=\"_blank\" class=\"elementor-button-link elementor-button elementor-size-sm\" role=\"button\">\n\t\t\t\t\t\t<span class=\"elementor-button-content-wrapper\">\n\t\t\t\t\t\t<span class=\"elementor-button-text\">Fiche de poste CPE<\/span>\n\t\t<\/span>\n\t\t\t\t\t<\/a>\n\t\t<\/div>\n\t\t\t\t<\/div>\n\t\t\t\t<\/div>\n\t\t\t\t\t\t<\/div>\n\t\t\t\t\t<\/div>\n\t\t<\/div>\n\t\t\t\t\t\t\t\t<\/div>\n\t\t\t\t\t<\/div>\n\t\t<\/section>\n\t\t\t\t\t\t<\/div>\n\t\t\t\t\t\t<\/div>\n\t\t\t\t\t<\/div>\n\t\t","protected":false},"excerpt":{"rendered":"<p>Madame, Monsieur, Vous souhaitez vous porter candidat(e) \u00e0 un poste de Conseill\u00e8r(e) Principal(e) d\u2019Education au Lyc\u00e9e Fran\u00e7ais International de La&nbsp;<a href=\"https:\/\/lfih.org\/index.php\/fiche-de-poste-cpe-3\/\">&hellip;<\/a><\/p>\n","protected":false},"author":1,"featured_media":0,"parent":0,"menu_order":0,"comment_status":"closed","ping_status":"closed","template":"","meta":[],"_links":{"self":[{"href":"https:\/\/lfih.org\/index.php\/wp-json\/wp\/v2\/pages\/12184"}],"collection":[{"href":"https:\/\/lfih.org\/index.php\/wp-json\/wp\/v2\/pages"}],"about":[{"href":"https:\/\/lfih.org\/index.php\/wp-json\/wp\/v2\/types\/page"}],"author":[{"embeddable":true,"href":"https:\/\/lfih.org\/index.php\/wp-json\/wp\/v2\/users\/1"}],"replies":[{"embeddable":true,"href":"https:\/\/lfih.org\/index.php\/wp-json\/wp\/v2\/comments?post=12184"}],"version-history":[{"count":24,"href":"https:\/\/lfih.org\/index.php\/wp-json\/wp\/v2\/pages\/12184\/revisions"}],"predecessor-version":[{"id":32490,"href":"https:\/\/lfih.org\/index.php\/wp-json\/wp\/v2\/pages\/12184\/revisions\/32490"}],"wp:attachment":[{"href":"https:\/\/lfih.org\/index.php\/wp-json\/wp\/v2\/media?parent=12184"}],"curies":[{"name":"wp","href":"https:\/\/api.w.org\/{rel}","templated":true}]}}